{"id":11602,"date":"2026-02-07T11:38:43","date_gmt":"2026-02-07T14:38:43","guid":{"rendered":"https:\/\/floripaquilt.com.br\/2026\/?post_type=product&#038;p=11602"},"modified":"2026-04-08T10:47:30","modified_gmt":"2026-04-08T13:47:30","slug":"25-04-maxi-manta-de-la-merino-vellon-marisol-romero","status":"publish","type":"product","link":"https:\/\/floripaquilt.com.br\/2026\/produto\/25-04-maxi-manta-de-la-merino-vellon-marisol-romero\/","title":{"rendered":"25\/04 \u2013 MAXI MANTA DE L\u00c3 MERINO &#8211; VELL\u00d3N (MARISOL ROMERO)"},"content":{"rendered":"<p><strong><div class=\"gtranslate_wrapper\" id=\"gt-wrapper-76793086\"><\/div><\/strong><\/p>\n<p>&nbsp;<\/p>\n<p><strong>R$ 135,00 kit R$ 260,00<\/strong><\/p>\n<p><strong>Por:<\/strong> <strong>Marisol Romero, MIS\/Argentina.<\/strong><\/p>\n<p><strong>Data:\u202f<\/strong>25 de abril \u2013 s\u00e1bado<\/p>\n<p><strong>Carga hor\u00e1ria<\/strong>: 9h \u00e0s 12h \u2013 3h\/a<\/p>\n<p><strong>Descritivo:<\/strong> Descubra o prazer de criar, com suas pr\u00f3prias m\u00e3os, uma <strong>maxi manta para sof\u00e1<\/strong>, combinando conforto, textura e design artesanal. <strong>N\u00e3o \u00e9 necess\u00e1rio ter experi\u00eancia pr\u00e9via<\/strong> \u2014 este curso \u00e9 ideal para quem deseja aprender de forma leve, divertida e criativa.<\/p>\n<p>A aula apresenta a t\u00e9cnica de <strong>Tric\u00f4 na M\u00e3o<\/strong>, um processo r\u00e1pido e acess\u00edvel, que permite a confec\u00e7\u00e3o de pe\u00e7as impactantes em poucas horas. Al\u00e9m de ser uma atividade relaxante, a t\u00e9cnica tamb\u00e9m se destaca como uma <strong>poss\u00edvel oportunidade de neg\u00f3cio<\/strong>, permitindo transformar o aprendizado em produtos artesanais de alto valor agregado.<\/p>\n<p>Durante o curso, cada participante ir\u00e1 confeccionar uma <strong>manta exclusiva<\/strong>, pronta para uso ao final da aula.<\/p>\n<p><strong>O que est\u00e1 incluso no curso<\/strong><\/p>\n<ul>\n<li><strong>1 kg de mecha de l\u00e3 merino<\/strong>, de maciez e qualidade incompar\u00e1veis, dispon\u00edvel nas cores <strong>cru<\/strong> ou <strong>cinza<\/strong><\/li>\n<li><strong>Agulha de feltragem<\/strong>, para acabamento e finaliza\u00e7\u00e3o da pe\u00e7a<\/li>\n<\/ul>\n<p><strong>Tamanho da manta<\/strong><\/p>\n<ul>\n<li><strong>70 cm x 140 cm<\/strong><\/li>\n<\/ul>\n<p>Ao final do curso, o participante leva para casa uma <strong>pe\u00e7a pronta, \u00fanica e cheia de personalidade<\/strong>, perfeita para decorar ambientes ou iniciar uma nova linha de produtos artesanais.<\/p>\n<p><strong>Pr\u00e9-requisitos<\/strong>: Gostar do fazer \u00e0 m\u00e3o.<\/p>\n<p><strong>Material necess\u00e1rio: <\/strong>Vontade de aprender.<\/p>\n<p><strong>Observa\u00e7\u00f5es:\u00a0<\/strong><\/p>\n<p>O\u00a0material solicitado \u00e9 imprescind\u00edvel para participa\u00e7\u00e3o no curso\/oficina.<\/p>\n<p>Atente-se para n\u00e3o comprar cursos\/oficinas no mesmo dia e hor\u00e1rio.<\/p>\n<p>Ap\u00f3s o pagamento, a sua matr\u00edcula \u00e9 automaticamente confirmada no curso\/oficina escolhido, portanto\u00a0<strong>n\u00e3o h\u00e1 possibilidade de reembolso dos valores.<\/strong><\/p>\n<p>Em caso de desist\u00eancia, sua inscri\u00e7\u00e3o poder\u00e1 ser transferida para outra pessoa por indica\u00e7\u00e3o enviando os dados da compra e da pessoa que vir\u00e1 no seu lugar para o email: <a href=\"mailto:fqcursos@gmail.com\">fqcursos@gmail.com<\/a><\/p>\n","protected":false},"excerpt":{"rendered":"<p><strong>[gtranslate]<\/strong><\/p>\n<p>&nbsp;<\/p>\n<p><strong>R$ 135,00 kit R$ 260,00<\/strong><\/p>\n<p><strong>Por:<\/strong> <strong>Marisol Romero, MIS\/Argentina.<\/strong><\/p>\n<p><strong>Data:\u202f<\/strong>25 de abril \u2013 s\u00e1bado<\/p>\n<p><strong>Carga hor\u00e1ria<\/strong>: 9h \u00e0s 12h \u2013 3h\/a<\/p>\n<p><strong>Descritivo:<\/strong> Descubra o prazer de criar, com suas pr\u00f3prias m\u00e3os, uma <strong>maxi manta para sof\u00e1<\/strong>, combinando conforto, textura e design artesanal. <strong>N\u00e3o \u00e9 necess\u00e1rio ter experi\u00eancia pr\u00e9via<\/strong> \u2014 este curso \u00e9 ideal para quem deseja aprender de forma leve, divertida e criativa.<\/p>\n<p>A aula apresenta a t\u00e9cnica de <strong>Tric\u00f4 na M\u00e3o<\/strong>, um processo r\u00e1pido e acess\u00edvel, que permite a confec\u00e7\u00e3o de pe\u00e7as impactantes em poucas horas. Al\u00e9m de ser uma atividade relaxante, a t\u00e9cnica tamb\u00e9m se destaca como uma <strong>poss\u00edvel oportunidade de neg\u00f3cio<\/strong>, permitindo transformar o aprendizado em produtos artesanais de alto valor agregado.<\/p>\n<p>Durante o curso, cada participante ir\u00e1 confeccionar uma <strong>manta exclusiva<\/strong>, pronta para uso ao final da aula.<\/p>\n<p><strong>O que est\u00e1 incluso no curso<\/strong><\/p>\n<ul>\n<li><strong>1 kg de mecha de l\u00e3 merino<\/strong>, de maciez e qualidade incompar\u00e1veis, dispon\u00edvel nas cores <strong>cru<\/strong> ou <strong>cinza<\/strong><\/li>\n<li><strong>Agulha de feltragem<\/strong>, para acabamento e finaliza\u00e7\u00e3o da pe\u00e7a<\/li>\n<\/ul>\n<p><strong>Tamanho da manta<\/strong><\/p>\n<ul>\n<li><strong>70 cm x 140 cm<\/strong><\/li>\n<\/ul>\n<p>Ao final do curso, o participante leva para casa uma <strong>pe\u00e7a pronta, \u00fanica e cheia de personalidade<\/strong>, perfeita para decorar ambientes ou iniciar uma nova linha de produtos artesanais.<\/p>\n<p><strong>Pr\u00e9-requisitos<\/strong>: Gostar do fazer \u00e0 m\u00e3o.<\/p>\n<p><strong>Material necess\u00e1rio: <\/strong>Vontade de aprender.<\/p>\n<p><strong>Observa\u00e7\u00f5es:\u00a0<\/strong><\/p>\n<p>O\u00a0material solicitado \u00e9 imprescind\u00edvel para participa\u00e7\u00e3o no curso\/oficina.<\/p>\n<p>Atente-se para n\u00e3o comprar cursos\/oficinas no mesmo dia e hor\u00e1rio.<\/p>\n<p>Ap\u00f3s o pagamento, a sua matr\u00edcula \u00e9 automaticamente confirmada no curso\/oficina escolhido, portanto\u00a0<strong>n\u00e3o h\u00e1 possibilidade de reembolso dos valores.<\/strong><\/p>\n<p>Em caso de desist\u00eancia, sua inscri\u00e7\u00e3o poder\u00e1 ser transferida para outra pessoa por indica\u00e7\u00e3o enviando os dados da compra e da pessoa que vir\u00e1 no seu lugar para o email: <a href=\"mailto:fqcursos@gmail.com\">fqcursos@gmail.com<\/a><\/p>\n","protected":false},"featured_media":11645,"comment_status":"closed","ping_status":"closed","template":"","meta":{"_monsterinsights_skip_tracking":false,"_monsterinsights_sitenote_active":false,"_monsterinsights_sitenote_note":"","_monsterinsights_sitenote_category":0,"_uf_show_specific_survey":0,"_uf_disable_surveys":false},"product_brand":[],"product_cat":[191],"product_tag":[],"class_list":{"0":"post-11602","1":"product","2":"type-product","3":"status-publish","4":"has-post-thumbnail","6":"product_cat-cursos-oficinas-2026","8":"first","9":"instock","10":"shipping-taxable","11":"purchasable","12":"product-type-simple"},"acf":[],"yoast_head":"<!-- This site is optimized with the Yoast SEO plugin v27.4 - https:\/\/yoast.com\/product\/yoast-seo-wordpress\/ -->\n<title>25\/04 \u2013 MAXI MANTA DE L\u00c3 MERINO - VELL\u00d3N (MARISOL ROMERO) - Floripa Quilt<\/title>\n<meta name=\"description\" content=\"Floripa Quilt 25\/04 \u2013 MAXI MANTA DE L\u00c3 MERINO - VELL\u00d3N (MARISOL ROMERO) -\" \/>\n<meta name=\"robots\" content=\"index, follow, max-snippet:-1, max-image-preview:large, max-video-preview:-1\" \/>\n<link rel=\"canonical\" href=\"https:\/\/floripaquilt.com.br\/2026\/produto\/25-04-maxi-manta-de-la-merino-vellon-marisol-romero\/\" \/>\n<meta property=\"og:locale\" content=\"pt_BR\" \/>\n<meta property=\"og:type\" content=\"article\" \/>\n<meta property=\"og:title\" content=\"25\/04 \u2013 MAXI MANTA DE L\u00c3 MERINO - VELL\u00d3N (MARISOL ROMERO) - Floripa Quilt\" \/>\n<meta property=\"og:description\" content=\"Floripa Quilt 25\/04 \u2013 MAXI MANTA DE L\u00c3 MERINO - VELL\u00d3N (MARISOL ROMERO) -\" \/>\n<meta property=\"og:url\" content=\"https:\/\/floripaquilt.com.br\/2026\/produto\/25-04-maxi-manta-de-la-merino-vellon-marisol-romero\/\" \/>\n<meta property=\"og:site_name\" content=\"Floripa Quilt\" \/>\n<meta property=\"article:modified_time\" content=\"2026-04-08T13:47:30+00:00\" \/>\n<meta property=\"og:image\" content=\"https:\/\/floripaquilt.com.br\/2026\/wp-content\/uploads\/2026\/02\/Manta-en-silla-Marisol-Romero-1.jpg\" \/>\n\t<meta property=\"og:image:width\" content=\"1\" \/>\n\t<meta property=\"og:image:height\" content=\"1\" \/>\n\t<meta property=\"og:image:type\" content=\"image\/jpeg\" \/>\n<meta name=\"twitter:card\" content=\"summary_large_image\" \/>\n<meta name=\"twitter:label1\" content=\"Est. tempo de leitura\" \/>\n\t<meta name=\"twitter:data1\" content=\"2 minutos\" \/>\n<script type=\"application\/ld+json\" class=\"yoast-schema-graph\">{\"@context\":\"https:\\\/\\\/schema.org\",\"@graph\":[{\"@type\":\"WebPage\",\"@id\":\"https:\\\/\\\/floripaquilt.com.br\\\/2026\\\/produto\\\/25-04-maxi-manta-de-la-merino-vellon-marisol-romero\\\/\",\"url\":\"https:\\\/\\\/floripaquilt.com.br\\\/2026\\\/produto\\\/25-04-maxi-manta-de-la-merino-vellon-marisol-romero\\\/\",\"name\":\"25\\\/04 \u2013 MAXI MANTA DE L\u00c3 MERINO - VELL\u00d3N (MARISOL ROMERO) - Floripa Quilt\",\"isPartOf\":{\"@id\":\"https:\\\/\\\/floripaquilt.com.br\\\/2026\\\/#website\"},\"primaryImageOfPage\":{\"@id\":\"https:\\\/\\\/floripaquilt.com.br\\\/2026\\\/produto\\\/25-04-maxi-manta-de-la-merino-vellon-marisol-romero\\\/#primaryimage\"},\"image\":{\"@id\":\"https:\\\/\\\/floripaquilt.com.br\\\/2026\\\/produto\\\/25-04-maxi-manta-de-la-merino-vellon-marisol-romero\\\/#primaryimage\"},\"thumbnailUrl\":\"https:\\\/\\\/floripaquilt.com.br\\\/2026\\\/wp-content\\\/uploads\\\/2026\\\/02\\\/Manta-en-silla-Marisol-Romero-1.jpg\",\"datePublished\":\"2026-02-07T14:38:43+00:00\",\"dateModified\":\"2026-04-08T13:47:30+00:00\",\"description\":\"Floripa Quilt 25\\\/04 \u2013 MAXI MANTA DE L\u00c3 MERINO - VELL\u00d3N (MARISOL ROMERO) -\",\"breadcrumb\":{\"@id\":\"https:\\\/\\\/floripaquilt.com.br\\\/2026\\\/produto\\\/25-04-maxi-manta-de-la-merino-vellon-marisol-romero\\\/#breadcrumb\"},\"inLanguage\":\"pt-BR\",\"potentialAction\":[{\"@type\":\"ReadAction\",\"target\":[\"https:\\\/\\\/floripaquilt.com.br\\\/2026\\\/produto\\\/25-04-maxi-manta-de-la-merino-vellon-marisol-romero\\\/\"]}]},{\"@type\":\"ImageObject\",\"inLanguage\":\"pt-BR\",\"@id\":\"https:\\\/\\\/floripaquilt.com.br\\\/2026\\\/produto\\\/25-04-maxi-manta-de-la-merino-vellon-marisol-romero\\\/#primaryimage\",\"url\":\"https:\\\/\\\/floripaquilt.com.br\\\/2026\\\/wp-content\\\/uploads\\\/2026\\\/02\\\/Manta-en-silla-Marisol-Romero-1.jpg\",\"contentUrl\":\"https:\\\/\\\/floripaquilt.com.br\\\/2026\\\/wp-content\\\/uploads\\\/2026\\\/02\\\/Manta-en-silla-Marisol-Romero-1.jpg\"},{\"@type\":\"BreadcrumbList\",\"@id\":\"https:\\\/\\\/floripaquilt.com.br\\\/2026\\\/produto\\\/25-04-maxi-manta-de-la-merino-vellon-marisol-romero\\\/#breadcrumb\",\"itemListElement\":[{\"@type\":\"ListItem\",\"position\":1,\"name\":\"In\u00edcio\",\"item\":\"https:\\\/\\\/floripaquilt.com.br\\\/2026\\\/\"},{\"@type\":\"ListItem\",\"position\":2,\"name\":\"25\\\/04 \u2013 MAXI MANTA DE L\u00c3 MERINO &#8211; VELL\u00d3N (MARISOL ROMERO)\"}]},{\"@type\":\"WebSite\",\"@id\":\"https:\\\/\\\/floripaquilt.com.br\\\/2026\\\/#website\",\"url\":\"https:\\\/\\\/floripaquilt.com.br\\\/2026\\\/\",\"name\":\"Floripa Quilt\",\"description\":\"Floripa Quilt 2026 - 13\u00ba Festival de Patchwork, Arte T\u00eaxtil &amp; Boneca de Pano\",\"publisher\":{\"@id\":\"https:\\\/\\\/floripaquilt.com.br\\\/2026\\\/#organization\"},\"potentialAction\":[{\"@type\":\"SearchAction\",\"target\":{\"@type\":\"EntryPoint\",\"urlTemplate\":\"https:\\\/\\\/floripaquilt.com.br\\\/2026\\\/?s={search_term_string}\"},\"query-input\":{\"@type\":\"PropertyValueSpecification\",\"valueRequired\":true,\"valueName\":\"search_term_string\"}}],\"inLanguage\":\"pt-BR\"},{\"@type\":\"Organization\",\"@id\":\"https:\\\/\\\/floripaquilt.com.br\\\/2026\\\/#organization\",\"name\":\"Floripa Quilt\",\"url\":\"https:\\\/\\\/floripaquilt.com.br\\\/2026\\\/\",\"logo\":{\"@type\":\"ImageObject\",\"inLanguage\":\"pt-BR\",\"@id\":\"https:\\\/\\\/floripaquilt.com.br\\\/2026\\\/#\\\/schema\\\/logo\\\/image\\\/\",\"url\":\"https:\\\/\\\/floripaquilt.com.br\\\/2026\\\/wp-content\\\/uploads\\\/2025\\\/08\\\/Sem-titulo-2-scaled.jpg\",\"contentUrl\":\"https:\\\/\\\/floripaquilt.com.br\\\/2026\\\/wp-content\\\/uploads\\\/2025\\\/08\\\/Sem-titulo-2-scaled.jpg\",\"width\":2560,\"height\":369,\"caption\":\"Floripa Quilt\"},\"image\":{\"@id\":\"https:\\\/\\\/floripaquilt.com.br\\\/2026\\\/#\\\/schema\\\/logo\\\/image\\\/\"}}]}<\/script>\n<!-- \/ Yoast SEO plugin. -->","yoast_head_json":{"title":"25\/04 \u2013 MAXI MANTA DE L\u00c3 MERINO - VELL\u00d3N (MARISOL ROMERO) - Floripa Quilt","description":"Floripa Quilt 25\/04 \u2013 MAXI MANTA DE L\u00c3 MERINO - VELL\u00d3N (MARISOL ROMERO) -","robots":{"index":"index","follow":"follow","max-snippet":"max-snippet:-1","max-image-preview":"max-image-preview:large","max-video-preview":"max-video-preview:-1"},"canonical":"https:\/\/floripaquilt.com.br\/2026\/produto\/25-04-maxi-manta-de-la-merino-vellon-marisol-romero\/","og_locale":"pt_BR","og_type":"article","og_title":"25\/04 \u2013 MAXI MANTA DE L\u00c3 MERINO - VELL\u00d3N (MARISOL ROMERO) - Floripa Quilt","og_description":"Floripa Quilt 25\/04 \u2013 MAXI MANTA DE L\u00c3 MERINO - VELL\u00d3N (MARISOL ROMERO) -","og_url":"https:\/\/floripaquilt.com.br\/2026\/produto\/25-04-maxi-manta-de-la-merino-vellon-marisol-romero\/","og_site_name":"Floripa Quilt","article_modified_time":"2026-04-08T13:47:30+00:00","og_image":[{"url":"https:\/\/floripaquilt.com.br\/2026\/wp-content\/uploads\/2026\/02\/Manta-en-silla-Marisol-Romero-1.jpg","width":1,"height":1,"type":"image\/jpeg"}],"twitter_card":"summary_large_image","twitter_misc":{"Est. tempo de leitura":"2 minutos"},"schema":{"@context":"https:\/\/schema.org","@graph":[{"@type":"WebPage","@id":"https:\/\/floripaquilt.com.br\/2026\/produto\/25-04-maxi-manta-de-la-merino-vellon-marisol-romero\/","url":"https:\/\/floripaquilt.com.br\/2026\/produto\/25-04-maxi-manta-de-la-merino-vellon-marisol-romero\/","name":"25\/04 \u2013 MAXI MANTA DE L\u00c3 MERINO - VELL\u00d3N (MARISOL ROMERO) - Floripa Quilt","isPartOf":{"@id":"https:\/\/floripaquilt.com.br\/2026\/#website"},"primaryImageOfPage":{"@id":"https:\/\/floripaquilt.com.br\/2026\/produto\/25-04-maxi-manta-de-la-merino-vellon-marisol-romero\/#primaryimage"},"image":{"@id":"https:\/\/floripaquilt.com.br\/2026\/produto\/25-04-maxi-manta-de-la-merino-vellon-marisol-romero\/#primaryimage"},"thumbnailUrl":"https:\/\/floripaquilt.com.br\/2026\/wp-content\/uploads\/2026\/02\/Manta-en-silla-Marisol-Romero-1.jpg","datePublished":"2026-02-07T14:38:43+00:00","dateModified":"2026-04-08T13:47:30+00:00","description":"Floripa Quilt 25\/04 \u2013 MAXI MANTA DE L\u00c3 MERINO - VELL\u00d3N (MARISOL ROMERO) -","breadcrumb":{"@id":"https:\/\/floripaquilt.com.br\/2026\/produto\/25-04-maxi-manta-de-la-merino-vellon-marisol-romero\/#breadcrumb"},"inLanguage":"pt-BR","potentialAction":[{"@type":"ReadAction","target":["https:\/\/floripaquilt.com.br\/2026\/produto\/25-04-maxi-manta-de-la-merino-vellon-marisol-romero\/"]}]},{"@type":"ImageObject","inLanguage":"pt-BR","@id":"https:\/\/floripaquilt.com.br\/2026\/produto\/25-04-maxi-manta-de-la-merino-vellon-marisol-romero\/#primaryimage","url":"https:\/\/floripaquilt.com.br\/2026\/wp-content\/uploads\/2026\/02\/Manta-en-silla-Marisol-Romero-1.jpg","contentUrl":"https:\/\/floripaquilt.com.br\/2026\/wp-content\/uploads\/2026\/02\/Manta-en-silla-Marisol-Romero-1.jpg"},{"@type":"BreadcrumbList","@id":"https:\/\/floripaquilt.com.br\/2026\/produto\/25-04-maxi-manta-de-la-merino-vellon-marisol-romero\/#breadcrumb","itemListElement":[{"@type":"ListItem","position":1,"name":"In\u00edcio","item":"https:\/\/floripaquilt.com.br\/2026\/"},{"@type":"ListItem","position":2,"name":"25\/04 \u2013 MAXI MANTA DE L\u00c3 MERINO &#8211; VELL\u00d3N (MARISOL ROMERO)"}]},{"@type":"WebSite","@id":"https:\/\/floripaquilt.com.br\/2026\/#website","url":"https:\/\/floripaquilt.com.br\/2026\/","name":"Floripa Quilt","description":"Floripa Quilt 2026 - 13\u00ba Festival de Patchwork, Arte T\u00eaxtil &amp; Boneca de Pano","publisher":{"@id":"https:\/\/floripaquilt.com.br\/2026\/#organization"},"potentialAction":[{"@type":"SearchAction","target":{"@type":"EntryPoint","urlTemplate":"https:\/\/floripaquilt.com.br\/2026\/?s={search_term_string}"},"query-input":{"@type":"PropertyValueSpecification","valueRequired":true,"valueName":"search_term_string"}}],"inLanguage":"pt-BR"},{"@type":"Organization","@id":"https:\/\/floripaquilt.com.br\/2026\/#organization","name":"Floripa Quilt","url":"https:\/\/floripaquilt.com.br\/2026\/","logo":{"@type":"ImageObject","inLanguage":"pt-BR","@id":"https:\/\/floripaquilt.com.br\/2026\/#\/schema\/logo\/image\/","url":"https:\/\/floripaquilt.com.br\/2026\/wp-content\/uploads\/2025\/08\/Sem-titulo-2-scaled.jpg","contentUrl":"https:\/\/floripaquilt.com.br\/2026\/wp-content\/uploads\/2025\/08\/Sem-titulo-2-scaled.jpg","width":2560,"height":369,"caption":"Floripa Quilt"},"image":{"@id":"https:\/\/floripaquilt.com.br\/2026\/#\/schema\/logo\/image\/"}}]}},"jetpack_sharing_enabled":true,"_links":{"self":[{"href":"https:\/\/floripaquilt.com.br\/2026\/wp-json\/wp\/v2\/product\/11602","targetHints":{"allow":["GET"]}}],"collection":[{"href":"https:\/\/floripaquilt.com.br\/2026\/wp-json\/wp\/v2\/product"}],"about":[{"href":"https:\/\/floripaquilt.com.br\/2026\/wp-json\/wp\/v2\/types\/product"}],"replies":[{"embeddable":true,"href":"https:\/\/floripaquilt.com.br\/2026\/wp-json\/wp\/v2\/comments?post=11602"}],"wp:featuredmedia":[{"embeddable":true,"href":"https:\/\/floripaquilt.com.br\/2026\/wp-json\/wp\/v2\/media\/11645"}],"wp:attachment":[{"href":"https:\/\/floripaquilt.com.br\/2026\/wp-json\/wp\/v2\/media?parent=11602"}],"wp:term":[{"taxonomy":"product_brand","embeddable":true,"href":"https:\/\/floripaquilt.com.br\/2026\/wp-json\/wp\/v2\/product_brand?post=11602"},{"taxonomy":"product_cat","embeddable":true,"href":"https:\/\/floripaquilt.com.br\/2026\/wp-json\/wp\/v2\/product_cat?post=11602"},{"taxonomy":"product_tag","embeddable":true,"href":"https:\/\/floripaquilt.com.br\/2026\/wp-json\/wp\/v2\/product_tag?post=11602"}],"curies":[{"name":"wp","href":"https:\/\/api.w.org\/{rel}","templated":true}]}}