{"id":11594,"date":"2026-02-07T11:08:34","date_gmt":"2026-02-07T14:08:34","guid":{"rendered":"https:\/\/floripaquilt.com.br\/2026\/?post_type=product&#038;p=11594"},"modified":"2026-04-11T12:29:33","modified_gmt":"2026-04-11T15:29:33","slug":"23-04-meu-vilarejo-aplicacao-dobra-com-agulha-adriana-sleutjes","status":"publish","type":"product","link":"https:\/\/floripaquilt.com.br\/2026\/produto\/23-04-meu-vilarejo-aplicacao-dobra-com-agulha-adriana-sleutjes\/","title":{"rendered":"23\/04 \u2013 MEU VILAREJO &#8211; APLICA\u00c7\u00c3O DOBRA COM AGULHA (ADRIANA SLEUTJES)"},"content":{"rendered":"<p><strong><span dir=\"auto\" style=\"vertical-align: inherit;\"><span dir=\"auto\" style=\"vertical-align: inherit;\"><div class=\"gtranslate_wrapper\" id=\"gt-wrapper-54955529\"><\/div><\/span><\/span><\/strong><\/p>\n<p>&nbsp;<\/p>\n<p><strong><span dir=\"auto\" style=\"vertical-align: inherit;\"><span dir=\"auto\" style=\"vertical-align: inherit;\">R$ 260,00 Kit R$ 55,00<\/span><\/span><\/strong><\/p>\n<p><strong>Por:<\/strong> <strong>Adriana Sleutjes, RS\/Brasil.<\/strong><\/p>\n<p><strong>Data:\u202f<\/strong>23 de abril \u2013 quinta-feira<\/p>\n<p><strong>Carga hor\u00e1ria<\/strong>: 9h \u00e0s 16h \u2013 6h\/a (1 hora de intervalo)<\/p>\n<p><strong>Descritivo:<\/strong> Neste curso, voc\u00ea vai aprender a <strong>t\u00e9cnica de Aplica\u00e7\u00e3o com Dobra e Agulha<\/strong>, um m\u00e9todo manual que garante <strong>precis\u00e3o, delicadeza e acabamento impec\u00e1vel<\/strong>, muito utilizado no patchwork cl\u00e1ssico e na arte t\u00eaxtil contempor\u00e2nea.<\/p>\n<p>A professora apresentar\u00e1 o <strong>passo a passo da t\u00e9cnica<\/strong>, desde a prepara\u00e7\u00e3o das pe\u00e7as at\u00e9 a aplica\u00e7\u00e3o final, abordando os <strong>materiais recomendados<\/strong>, tipos de agulhas e tecidos mais indicados, al\u00e9m de <strong>facilitadores e dicas pr\u00e1ticas<\/strong> que tornam o processo mais fluido e eficiente.<\/p>\n<p>Durante as aulas, os participantes receber\u00e3o <strong>orienta\u00e7\u00f5es individualizadas<\/strong>, aprendendo truques que ajudam a ganhar seguran\u00e7a no manuseio da agulha, manter a regularidade das dobras e alcan\u00e7ar um resultado limpo e bem definido.<\/p>\n<p>Este curso \u00e9 ideal para quem deseja <strong>aprimorar suas aplica\u00e7\u00f5es manuais<\/strong>, expandir seu repert\u00f3rio t\u00e9cnico e incorporar a dobra com agulha em projetos de patchwork e arte t\u00eaxtil com mais confian\u00e7a e qualidade.<\/p>\n<p><strong>Pr\u00e9-requisitos<\/strong>: Gostar do fazer \u00e0 m\u00e3o.<\/p>\n<p><strong>Material necess\u00e1rio: <\/strong>Kit de costura (<strong>Obs:<\/strong> tesoura com boa ponta).<\/p>\n<p><strong>Observa\u00e7\u00f5es:\u00a0<\/strong><\/p>\n<p>O\u00a0material solicitado \u00e9 imprescind\u00edvel para participa\u00e7\u00e3o no curso\/oficina.<\/p>\n<p>Atente-se para n\u00e3o comprar cursos\/oficinas no mesmo dia e hor\u00e1rio.<\/p>\n<p>Ap\u00f3s o pagamento, a sua matr\u00edcula \u00e9 automaticamente confirmada no curso\/oficina escolhido, portanto\u00a0<strong>n\u00e3o h\u00e1 possibilidade de reembolso dos valores.<\/strong><\/p>\n<p>Em caso de desist\u00eancia, sua inscri\u00e7\u00e3o poder\u00e1 ser transferida para outra pessoa por indica\u00e7\u00e3o enviando os dados da compra e da pessoa que vir\u00e1 no seu lugar para o email: <a href=\"mailto:fqcursos@gmail.com\">fqcursos@gmail.com<\/a><\/p>\n","protected":false},"excerpt":{"rendered":"<p><strong><span dir=\"auto\" style=\"vertical-align: inherit;\"><span dir=\"auto\" style=\"vertical-align: inherit;\">[gtranslate]<\/span><\/span><\/strong><\/p>\n<p>&nbsp;<\/p>\n<p><strong><span dir=\"auto\" style=\"vertical-align: inherit;\"><span dir=\"auto\" style=\"vertical-align: inherit;\">R$ 260,00 Kit R$ 55,00<\/span><\/span><\/strong><\/p>\n<p><strong>Por:<\/strong> <strong>Adriana Sleutjes, RS\/Brasil.<\/strong><\/p>\n<p><strong>Data:\u202f<\/strong>23 de abril \u2013 quinta-feira<\/p>\n<p><strong>Carga hor\u00e1ria<\/strong>: 9h \u00e0s 16h \u2013 6h\/a (1 hora de intervalo)<\/p>\n<p><strong>Descritivo:<\/strong> Neste curso, voc\u00ea vai aprender a <strong>t\u00e9cnica de Aplica\u00e7\u00e3o com Dobra e Agulha<\/strong>, um m\u00e9todo manual que garante <strong>precis\u00e3o, delicadeza e acabamento impec\u00e1vel<\/strong>, muito utilizado no patchwork cl\u00e1ssico e na arte t\u00eaxtil contempor\u00e2nea.<\/p>\n<p><span dir=\"auto\" style=\"vertical-align: inherit;\"><span dir=\"auto\" style=\"vertical-align: inherit;\">A professora apresentar\u00e1 o <\/span><\/span><strong><span dir=\"auto\" style=\"vertical-align: inherit;\"><span dir=\"auto\" style=\"vertical-align: inherit;\">passo a passo da t\u00e9cnica<\/span><\/span><\/strong><span dir=\"auto\" style=\"vertical-align: inherit;\"><span dir=\"auto\" style=\"vertical-align: inherit;\">, desde a prepara\u00e7\u00e3o das pe\u00e7as at\u00e9 a aplica\u00e7\u00e3o final, abordando os <\/span><\/span><strong><span dir=\"auto\" style=\"vertical-align: inherit;\"><span dir=\"auto\" style=\"vertical-align: inherit;\">materiais recomendados<\/span><\/span><\/strong><span dir=\"auto\" style=\"vertical-align: inherit;\"><span dir=\"auto\" style=\"vertical-align: inherit;\">, tipos de agulhas e tecidos mais indicados, al\u00e9m de <\/span><\/span><strong><span dir=\"auto\" style=\"vertical-align: inherit;\"><span dir=\"auto\" style=\"vertical-align: inherit;\">facilitadores e dicas pr\u00e1ticas<\/span><\/span><\/strong><span dir=\"auto\" style=\"vertical-align: inherit;\"><span dir=\"auto\" style=\"vertical-align: inherit;\"> que tornam o processo mais fluido e eficiente.<\/span><\/span><\/p>\n<p><span dir=\"auto\" style=\"vertical-align: inherit;\"><span dir=\"auto\" style=\"vertical-align: inherit;\">Durante as aulas, os participantes receber\u00e3o <\/span><\/span><strong><span dir=\"auto\" style=\"vertical-align: inherit;\"><span dir=\"auto\" style=\"vertical-align: inherit;\">orienta\u00e7\u00f5es individualizadas<\/span><\/span><\/strong><span dir=\"auto\" style=\"vertical-align: inherit;\"><span dir=\"auto\" style=\"vertical-align: inherit;\">, aprendendo truques que ajudam a ganhar seguran\u00e7a no manuseio da agulha, manter a regularidade das dobras e alcan\u00e7ar um resultado limpo e bem definido.<\/span><\/span><\/p>\n<p><span dir=\"auto\" style=\"vertical-align: inherit;\"><span dir=\"auto\" style=\"vertical-align: inherit;\">Este curso \u00e9 ideal para quem deseja <\/span><\/span><strong><span dir=\"auto\" style=\"vertical-align: inherit;\"><span dir=\"auto\" style=\"vertical-align: inherit;\">aprimorar suas aplica\u00e7\u00f5es manuais<\/span><\/span><\/strong><span dir=\"auto\" style=\"vertical-align: inherit;\"><span dir=\"auto\" style=\"vertical-align: inherit;\">, expandir seu repert\u00f3rio t\u00e9cnico e incorporar a dobra com agulha em projetos de patchwork e arte t\u00eaxtil com mais confian\u00e7a e qualidade.<\/span><\/span><\/p>\n<p><strong><span dir=\"auto\" style=\"vertical-align: inherit;\"><span dir=\"auto\" style=\"vertical-align: inherit;\">Pr\u00e9-requisitos<\/span><\/span><\/strong><span dir=\"auto\" style=\"vertical-align: inherit;\"><span dir=\"auto\" style=\"vertical-align: inherit;\">: Gostar do fazer \u00e0 m\u00e3o.<\/span><\/span><\/p>\n<p><strong><span dir=\"auto\" style=\"vertical-align: inherit;\"><span dir=\"auto\" style=\"vertical-align: inherit;\">Material necess\u00e1rio: <\/span><\/span><\/strong><span dir=\"auto\" style=\"vertical-align: inherit;\"><span dir=\"auto\" style=\"vertical-align: inherit;\">Kit de costura (<\/span><\/span><strong><span dir=\"auto\" style=\"vertical-align: inherit;\"><span dir=\"auto\" style=\"vertical-align: inherit;\">Obs:<\/span><\/span><\/strong><span dir=\"auto\" style=\"vertical-align: inherit;\"><span dir=\"auto\" style=\"vertical-align: inherit;\"> tesoura com boa ponta).<\/span><\/span><\/p>\n<p><strong><span dir=\"auto\" style=\"vertical-align: inherit;\"><span dir=\"auto\" style=\"vertical-align: inherit;\">Observa\u00e7\u00f5es:\u00a0<\/span><\/span><\/strong><\/p>\n<p><span dir=\"auto\" style=\"vertical-align: inherit;\"><span dir=\"auto\" style=\"vertical-align: inherit;\">O\u00a0material solicitado \u00e9 imprescind\u00edvel para participa\u00e7\u00e3o no curso\/oficina.<\/span><\/span><\/p>\n<p><span dir=\"auto\" style=\"vertical-align: inherit;\"><span dir=\"auto\" style=\"vertical-align: inherit;\">Atente-se para n\u00e3o comprar cursos\/oficinas no mesmo dia e hor\u00e1rio.<\/span><\/span><\/p>\n<p><span dir=\"auto\" style=\"vertical-align: inherit;\"><span dir=\"auto\" style=\"vertical-align: inherit;\">Ap\u00f3s o pagamento, a sua matr\u00edcula \u00e9 automaticamente confirmada no curso\/oficina escolhido, portanto\u00a0<\/span><\/span><strong><span dir=\"auto\" style=\"vertical-align: inherit;\"><span dir=\"auto\" style=\"vertical-align: inherit;\">n\u00e3o h\u00e1 possibilidade de reembolso dos valores.<\/span><\/span><\/strong><\/p>\n<p><span dir=\"auto\" style=\"vertical-align: inherit;\"><span dir=\"auto\" style=\"vertical-align: inherit;\">Em caso de desist\u00eancia, sua inscri\u00e7\u00e3o poder\u00e1 ser transferida para outra pessoa por indica\u00e7\u00e3o enviando os dados da compra e da pessoa que vir\u00e1 no seu lugar para o email: <\/span><\/span><a href=\"mailto:fqcursos@gmail.com\"><span dir=\"auto\" style=\"vertical-align: inherit;\"><span dir=\"auto\" style=\"vertical-align: inherit;\">fqcursos@gmail.com<\/span><\/span><\/a><\/p>\n","protected":false},"featured_media":11719,"comment_status":"closed","ping_status":"closed","template":"","meta":{"_monsterinsights_skip_tracking":false,"_monsterinsights_sitenote_active":false,"_monsterinsights_sitenote_note":"","_monsterinsights_sitenote_category":0,"_uf_show_specific_survey":0,"_uf_disable_surveys":false},"product_brand":[],"product_cat":[191],"product_tag":[],"class_list":{"0":"post-11594","1":"product","2":"type-product","3":"status-publish","4":"has-post-thumbnail","6":"product_cat-cursos-oficinas-2026","8":"first","9":"outofstock","10":"shipping-taxable","11":"purchasable","12":"product-type-simple"},"acf":[],"yoast_head":"<!-- This site is optimized with the Yoast SEO plugin v27.4 - https:\/\/yoast.com\/product\/yoast-seo-wordpress\/ -->\n<title>23\/04 \u2013 MEU VILAREJO - APLICA\u00c7\u00c3O DOBRA COM AGULHA (ADRIANA SLEUTJES) - Floripa Quilt<\/title>\n<meta name=\"description\" content=\"Floripa Quilt 23\/04 \u2013 MEU VILAREJO - APLICA\u00c7\u00c3O DOBRA COM AGULHA (ADRIANA SLEUTJES) - %\" \/>\n<meta name=\"robots\" content=\"index, follow, max-snippet:-1, max-image-preview:large, max-video-preview:-1\" \/>\n<link rel=\"canonical\" href=\"https:\/\/floripaquilt.com.br\/2026\/produto\/23-04-meu-vilarejo-aplicacao-dobra-com-agulha-adriana-sleutjes\/\" \/>\n<meta property=\"og:locale\" content=\"pt_BR\" \/>\n<meta property=\"og:type\" content=\"article\" \/>\n<meta property=\"og:title\" content=\"23\/04 \u2013 MEU VILAREJO - APLICA\u00c7\u00c3O DOBRA COM AGULHA (ADRIANA SLEUTJES) - Floripa Quilt\" \/>\n<meta property=\"og:description\" content=\"Floripa Quilt 23\/04 \u2013 MEU VILAREJO - APLICA\u00c7\u00c3O DOBRA COM AGULHA (ADRIANA SLEUTJES) - %\" \/>\n<meta property=\"og:url\" content=\"https:\/\/floripaquilt.com.br\/2026\/produto\/23-04-meu-vilarejo-aplicacao-dobra-com-agulha-adriana-sleutjes\/\" \/>\n<meta property=\"og:site_name\" content=\"Floripa Quilt\" \/>\n<meta property=\"article:modified_time\" content=\"2026-04-11T15:29:33+00:00\" \/>\n<meta property=\"og:image\" content=\"https:\/\/floripaquilt.com.br\/2026\/wp-content\/uploads\/2026\/02\/adriana.jpg\" \/>\n\t<meta property=\"og:image:width\" content=\"1392\" \/>\n\t<meta property=\"og:image:height\" content=\"1198\" \/>\n\t<meta property=\"og:image:type\" content=\"image\/jpeg\" \/>\n<meta name=\"twitter:card\" content=\"summary_large_image\" \/>\n<meta name=\"twitter:label1\" content=\"Est. tempo de leitura\" \/>\n\t<meta name=\"twitter:data1\" content=\"2 minutos\" \/>\n<script type=\"application\/ld+json\" class=\"yoast-schema-graph\">{\"@context\":\"https:\\\/\\\/schema.org\",\"@graph\":[{\"@type\":\"WebPage\",\"@id\":\"https:\\\/\\\/floripaquilt.com.br\\\/2026\\\/produto\\\/23-04-meu-vilarejo-aplicacao-dobra-com-agulha-adriana-sleutjes\\\/\",\"url\":\"https:\\\/\\\/floripaquilt.com.br\\\/2026\\\/produto\\\/23-04-meu-vilarejo-aplicacao-dobra-com-agulha-adriana-sleutjes\\\/\",\"name\":\"23\\\/04 \u2013 MEU VILAREJO - APLICA\u00c7\u00c3O DOBRA COM AGULHA (ADRIANA SLEUTJES) - Floripa Quilt\",\"isPartOf\":{\"@id\":\"https:\\\/\\\/floripaquilt.com.br\\\/2026\\\/#website\"},\"primaryImageOfPage\":{\"@id\":\"https:\\\/\\\/floripaquilt.com.br\\\/2026\\\/produto\\\/23-04-meu-vilarejo-aplicacao-dobra-com-agulha-adriana-sleutjes\\\/#primaryimage\"},\"image\":{\"@id\":\"https:\\\/\\\/floripaquilt.com.br\\\/2026\\\/produto\\\/23-04-meu-vilarejo-aplicacao-dobra-com-agulha-adriana-sleutjes\\\/#primaryimage\"},\"thumbnailUrl\":\"https:\\\/\\\/floripaquilt.com.br\\\/2026\\\/wp-content\\\/uploads\\\/2026\\\/02\\\/adriana.jpg\",\"datePublished\":\"2026-02-07T14:08:34+00:00\",\"dateModified\":\"2026-04-11T15:29:33+00:00\",\"description\":\"Floripa Quilt 23\\\/04 \u2013 MEU VILAREJO - APLICA\u00c7\u00c3O DOBRA COM AGULHA (ADRIANA SLEUTJES) - %\",\"breadcrumb\":{\"@id\":\"https:\\\/\\\/floripaquilt.com.br\\\/2026\\\/produto\\\/23-04-meu-vilarejo-aplicacao-dobra-com-agulha-adriana-sleutjes\\\/#breadcrumb\"},\"inLanguage\":\"pt-BR\",\"potentialAction\":[{\"@type\":\"ReadAction\",\"target\":[\"https:\\\/\\\/floripaquilt.com.br\\\/2026\\\/produto\\\/23-04-meu-vilarejo-aplicacao-dobra-com-agulha-adriana-sleutjes\\\/\"]}]},{\"@type\":\"ImageObject\",\"inLanguage\":\"pt-BR\",\"@id\":\"https:\\\/\\\/floripaquilt.com.br\\\/2026\\\/produto\\\/23-04-meu-vilarejo-aplicacao-dobra-com-agulha-adriana-sleutjes\\\/#primaryimage\",\"url\":\"https:\\\/\\\/floripaquilt.com.br\\\/2026\\\/wp-content\\\/uploads\\\/2026\\\/02\\\/adriana.jpg\",\"contentUrl\":\"https:\\\/\\\/floripaquilt.com.br\\\/2026\\\/wp-content\\\/uploads\\\/2026\\\/02\\\/adriana.jpg\",\"width\":1392,\"height\":1198},{\"@type\":\"BreadcrumbList\",\"@id\":\"https:\\\/\\\/floripaquilt.com.br\\\/2026\\\/produto\\\/23-04-meu-vilarejo-aplicacao-dobra-com-agulha-adriana-sleutjes\\\/#breadcrumb\",\"itemListElement\":[{\"@type\":\"ListItem\",\"position\":1,\"name\":\"In\u00edcio\",\"item\":\"https:\\\/\\\/floripaquilt.com.br\\\/2026\\\/\"},{\"@type\":\"ListItem\",\"position\":2,\"name\":\"23\\\/04 \u2013 MEU VILAREJO &#8211; APLICA\u00c7\u00c3O DOBRA COM AGULHA (ADRIANA SLEUTJES)\"}]},{\"@type\":\"WebSite\",\"@id\":\"https:\\\/\\\/floripaquilt.com.br\\\/2026\\\/#website\",\"url\":\"https:\\\/\\\/floripaquilt.com.br\\\/2026\\\/\",\"name\":\"Floripa Quilt\",\"description\":\"Floripa Quilt 2026 - 13\u00ba Festival de Patchwork, Arte T\u00eaxtil &amp; Boneca de Pano\",\"publisher\":{\"@id\":\"https:\\\/\\\/floripaquilt.com.br\\\/2026\\\/#organization\"},\"potentialAction\":[{\"@type\":\"SearchAction\",\"target\":{\"@type\":\"EntryPoint\",\"urlTemplate\":\"https:\\\/\\\/floripaquilt.com.br\\\/2026\\\/?s={search_term_string}\"},\"query-input\":{\"@type\":\"PropertyValueSpecification\",\"valueRequired\":true,\"valueName\":\"search_term_string\"}}],\"inLanguage\":\"pt-BR\"},{\"@type\":\"Organization\",\"@id\":\"https:\\\/\\\/floripaquilt.com.br\\\/2026\\\/#organization\",\"name\":\"Floripa Quilt\",\"url\":\"https:\\\/\\\/floripaquilt.com.br\\\/2026\\\/\",\"logo\":{\"@type\":\"ImageObject\",\"inLanguage\":\"pt-BR\",\"@id\":\"https:\\\/\\\/floripaquilt.com.br\\\/2026\\\/#\\\/schema\\\/logo\\\/image\\\/\",\"url\":\"https:\\\/\\\/floripaquilt.com.br\\\/2026\\\/wp-content\\\/uploads\\\/2025\\\/08\\\/Sem-titulo-2-scaled.jpg\",\"contentUrl\":\"https:\\\/\\\/floripaquilt.com.br\\\/2026\\\/wp-content\\\/uploads\\\/2025\\\/08\\\/Sem-titulo-2-scaled.jpg\",\"width\":2560,\"height\":369,\"caption\":\"Floripa Quilt\"},\"image\":{\"@id\":\"https:\\\/\\\/floripaquilt.com.br\\\/2026\\\/#\\\/schema\\\/logo\\\/image\\\/\"}}]}<\/script>\n<!-- \/ Yoast SEO plugin. -->","yoast_head_json":{"title":"23\/04 \u2013 MEU VILAREJO - APLICA\u00c7\u00c3O DOBRA COM AGULHA (ADRIANA SLEUTJES) - Floripa Quilt","description":"Floripa Quilt 23\/04 \u2013 MEU VILAREJO - APLICA\u00c7\u00c3O DOBRA COM AGULHA (ADRIANA SLEUTJES) - %","robots":{"index":"index","follow":"follow","max-snippet":"max-snippet:-1","max-image-preview":"max-image-preview:large","max-video-preview":"max-video-preview:-1"},"canonical":"https:\/\/floripaquilt.com.br\/2026\/produto\/23-04-meu-vilarejo-aplicacao-dobra-com-agulha-adriana-sleutjes\/","og_locale":"pt_BR","og_type":"article","og_title":"23\/04 \u2013 MEU VILAREJO - APLICA\u00c7\u00c3O DOBRA COM AGULHA (ADRIANA SLEUTJES) - Floripa Quilt","og_description":"Floripa Quilt 23\/04 \u2013 MEU VILAREJO - APLICA\u00c7\u00c3O DOBRA COM AGULHA (ADRIANA SLEUTJES) - %","og_url":"https:\/\/floripaquilt.com.br\/2026\/produto\/23-04-meu-vilarejo-aplicacao-dobra-com-agulha-adriana-sleutjes\/","og_site_name":"Floripa Quilt","article_modified_time":"2026-04-11T15:29:33+00:00","og_image":[{"width":1392,"height":1198,"url":"https:\/\/floripaquilt.com.br\/2026\/wp-content\/uploads\/2026\/02\/adriana.jpg","type":"image\/jpeg"}],"twitter_card":"summary_large_image","twitter_misc":{"Est. tempo de leitura":"2 minutos"},"schema":{"@context":"https:\/\/schema.org","@graph":[{"@type":"WebPage","@id":"https:\/\/floripaquilt.com.br\/2026\/produto\/23-04-meu-vilarejo-aplicacao-dobra-com-agulha-adriana-sleutjes\/","url":"https:\/\/floripaquilt.com.br\/2026\/produto\/23-04-meu-vilarejo-aplicacao-dobra-com-agulha-adriana-sleutjes\/","name":"23\/04 \u2013 MEU VILAREJO - APLICA\u00c7\u00c3O DOBRA COM AGULHA (ADRIANA SLEUTJES) - Floripa Quilt","isPartOf":{"@id":"https:\/\/floripaquilt.com.br\/2026\/#website"},"primaryImageOfPage":{"@id":"https:\/\/floripaquilt.com.br\/2026\/produto\/23-04-meu-vilarejo-aplicacao-dobra-com-agulha-adriana-sleutjes\/#primaryimage"},"image":{"@id":"https:\/\/floripaquilt.com.br\/2026\/produto\/23-04-meu-vilarejo-aplicacao-dobra-com-agulha-adriana-sleutjes\/#primaryimage"},"thumbnailUrl":"https:\/\/floripaquilt.com.br\/2026\/wp-content\/uploads\/2026\/02\/adriana.jpg","datePublished":"2026-02-07T14:08:34+00:00","dateModified":"2026-04-11T15:29:33+00:00","description":"Floripa Quilt 23\/04 \u2013 MEU VILAREJO - APLICA\u00c7\u00c3O DOBRA COM AGULHA (ADRIANA SLEUTJES) - %","breadcrumb":{"@id":"https:\/\/floripaquilt.com.br\/2026\/produto\/23-04-meu-vilarejo-aplicacao-dobra-com-agulha-adriana-sleutjes\/#breadcrumb"},"inLanguage":"pt-BR","potentialAction":[{"@type":"ReadAction","target":["https:\/\/floripaquilt.com.br\/2026\/produto\/23-04-meu-vilarejo-aplicacao-dobra-com-agulha-adriana-sleutjes\/"]}]},{"@type":"ImageObject","inLanguage":"pt-BR","@id":"https:\/\/floripaquilt.com.br\/2026\/produto\/23-04-meu-vilarejo-aplicacao-dobra-com-agulha-adriana-sleutjes\/#primaryimage","url":"https:\/\/floripaquilt.com.br\/2026\/wp-content\/uploads\/2026\/02\/adriana.jpg","contentUrl":"https:\/\/floripaquilt.com.br\/2026\/wp-content\/uploads\/2026\/02\/adriana.jpg","width":1392,"height":1198},{"@type":"BreadcrumbList","@id":"https:\/\/floripaquilt.com.br\/2026\/produto\/23-04-meu-vilarejo-aplicacao-dobra-com-agulha-adriana-sleutjes\/#breadcrumb","itemListElement":[{"@type":"ListItem","position":1,"name":"In\u00edcio","item":"https:\/\/floripaquilt.com.br\/2026\/"},{"@type":"ListItem","position":2,"name":"23\/04 \u2013 MEU VILAREJO &#8211; APLICA\u00c7\u00c3O DOBRA COM AGULHA (ADRIANA SLEUTJES)"}]},{"@type":"WebSite","@id":"https:\/\/floripaquilt.com.br\/2026\/#website","url":"https:\/\/floripaquilt.com.br\/2026\/","name":"Floripa Quilt","description":"Floripa Quilt 2026 - 13\u00ba Festival de Patchwork, Arte T\u00eaxtil &amp; Boneca de Pano","publisher":{"@id":"https:\/\/floripaquilt.com.br\/2026\/#organization"},"potentialAction":[{"@type":"SearchAction","target":{"@type":"EntryPoint","urlTemplate":"https:\/\/floripaquilt.com.br\/2026\/?s={search_term_string}"},"query-input":{"@type":"PropertyValueSpecification","valueRequired":true,"valueName":"search_term_string"}}],"inLanguage":"pt-BR"},{"@type":"Organization","@id":"https:\/\/floripaquilt.com.br\/2026\/#organization","name":"Floripa Quilt","url":"https:\/\/floripaquilt.com.br\/2026\/","logo":{"@type":"ImageObject","inLanguage":"pt-BR","@id":"https:\/\/floripaquilt.com.br\/2026\/#\/schema\/logo\/image\/","url":"https:\/\/floripaquilt.com.br\/2026\/wp-content\/uploads\/2025\/08\/Sem-titulo-2-scaled.jpg","contentUrl":"https:\/\/floripaquilt.com.br\/2026\/wp-content\/uploads\/2025\/08\/Sem-titulo-2-scaled.jpg","width":2560,"height":369,"caption":"Floripa Quilt"},"image":{"@id":"https:\/\/floripaquilt.com.br\/2026\/#\/schema\/logo\/image\/"}}]}},"jetpack_sharing_enabled":true,"_links":{"self":[{"href":"https:\/\/floripaquilt.com.br\/2026\/wp-json\/wp\/v2\/product\/11594","targetHints":{"allow":["GET"]}}],"collection":[{"href":"https:\/\/floripaquilt.com.br\/2026\/wp-json\/wp\/v2\/product"}],"about":[{"href":"https:\/\/floripaquilt.com.br\/2026\/wp-json\/wp\/v2\/types\/product"}],"replies":[{"embeddable":true,"href":"https:\/\/floripaquilt.com.br\/2026\/wp-json\/wp\/v2\/comments?post=11594"}],"wp:featuredmedia":[{"embeddable":true,"href":"https:\/\/floripaquilt.com.br\/2026\/wp-json\/wp\/v2\/media\/11719"}],"wp:attachment":[{"href":"https:\/\/floripaquilt.com.br\/2026\/wp-json\/wp\/v2\/media?parent=11594"}],"wp:term":[{"taxonomy":"product_brand","embeddable":true,"href":"https:\/\/floripaquilt.com.br\/2026\/wp-json\/wp\/v2\/product_brand?post=11594"},{"taxonomy":"product_cat","embeddable":true,"href":"https:\/\/floripaquilt.com.br\/2026\/wp-json\/wp\/v2\/product_cat?post=11594"},{"taxonomy":"product_tag","embeddable":true,"href":"https:\/\/floripaquilt.com.br\/2026\/wp-json\/wp\/v2\/product_tag?post=11594"}],"curies":[{"name":"wp","href":"https:\/\/api.w.org\/{rel}","templated":true}]}}