{"id":11934,"date":"2026-03-18T12:14:54","date_gmt":"2026-03-18T15:14:54","guid":{"rendered":"https:\/\/floripaquilt.com.br\/2026\/?page_id=11934"},"modified":"2026-03-18T13:49:55","modified_gmt":"2026-03-18T16:49:55","slug":"servicos-aos-visitantes","status":"publish","type":"page","link":"https:\/\/floripaquilt.com.br\/2026\/servicos-aos-visitantes\/","title":{"rendered":"SERVI\u00c7OS AOS VISITANTES"},"content":{"rendered":"<div class=\"gtranslate_wrapper\" id=\"gt-wrapper-27441779\"><\/div>\n\n\n\n<div style=\"height:63px\" aria-hidden=\"true\" class=\"wp-block-spacer\"><\/div>\n\n\n\n<p class=\"has-black-color has-text-color has-link-color wp-elements-0be5c3e341743d9f282236c73ac20458\"><strong>\ud83d\udcc5 Data<\/strong><br>22 a 25 de abril (quarta a s\u00e1bado)<\/p>\n\n\n\n<p class=\"has-black-color has-text-color has-link-color wp-elements-bca73ce34e63cc6f735b72a1280f26a0\"><strong>\ud83d\udd52 Hor\u00e1rio<\/strong><br>Das 11h \u00e0s 18h<\/p>\n\n\n\n<p class=\"has-black-color has-text-color has-link-color wp-elements-97bfee0e244a135269700c805cea7b8b\"><strong>\ud83d\udccd Local<\/strong><br>Centro de Eventos da Associa\u00e7\u00e3o Catarinense de Medicina<br>Rodovia Jos\u00e9 Carlos Daux, 3854 \u2013 Saco Grande<br>Florian\u00f3polis\/SC<\/p>\n\n\n\n<p class=\"has-black-color has-text-color has-link-color wp-elements-1f471acc4cde26f5bb8045ce21d01e7d\"><strong>\ud83c\udf9f\ufe0f Entrada<\/strong><br>Gratuita<\/p>\n\n\n\n<p class=\"has-black-color has-text-color has-link-color wp-elements-16c8ba2efdd99e4e646d73e2730c7978\"><strong>\ud83d\ude97 Estacionamento<\/strong><br>O estacionamento \u00e9 administrado pela Associa\u00e7\u00e3o Catarinense de Medicina, sendo esta a respons\u00e1vel pelos valores, cobran\u00e7a e opera\u00e7\u00e3o do servi\u00e7o.<\/p>\n\n\n\n<ul class=\"wp-block-list\">\n<li class=\"has-black-color has-text-color has-link-color wp-elements-9b9a7a82eb6b80692056da916ac3f93d\">Autom\u00f3veis: R$ 30,00<\/li>\n\n\n\n<li class=\"has-black-color has-text-color has-link-color wp-elements-00f78a76204a8cf6d53739ee98abbbaa\">Vans: R$ 50,00<\/li>\n\n\n\n<li class=\"has-black-color has-text-color has-link-color wp-elements-5bbbc1d4e3dea89df5213a55335230c6\">\u00d4nibus: R$ 100,00<br><em>Valor por dia<\/em><\/li>\n<\/ul>\n\n\n\n<p class=\"has-black-color has-text-color has-link-color wp-elements-7ca1cd65877cc2209c1fee12cd81cd10\"><strong>\ud83c\udf7d\ufe0f \u00c1rea de Alimenta\u00e7\u00e3o<\/strong><br>Funcionamento das 11h \u00e0s 18h.<\/p>\n\n\n\n<p class=\"has-black-color has-text-color has-link-color wp-elements-08094daab68d1de3aef57154249748f5\">Al\u00e9m de um excelente caf\u00e9, doces e salgados \u2014 perfeitos para aquele momento de pausa \u2014 o espa\u00e7o tamb\u00e9m conta com servi\u00e7o de almo\u00e7o durante todos os dias do evento.<\/p>\n\n\n\n<p class=\"has-black-color has-text-color has-link-color wp-elements-beed6e81b959275c386e787ea8eb0167\">\u2728 <em>Seja para um caf\u00e9, um peda\u00e7o de bolo ou um salgado, entre uma circulada e outra pela feira, ou para um almo\u00e7o especial, a experi\u00eancia est\u00e1 garantida.<\/em><\/p>\n\n\n\n<p class=\"has-black-color has-text-color has-link-color wp-elements-552f31836cbb6ec8103a1eefbd6c5239\"><strong>\ud83c\udf7d\ufe0f Card\u00e1pio do Almo\u00e7o<\/strong><\/p>\n\n\n\n<p class=\"has-black-color has-text-color has-link-color wp-elements-ae2ff34d28c5ab791f8bab78c0de7690\">Confira as op\u00e7\u00f5es dispon\u00edveis durante o evento:<\/p>\n\n\n\n<p class=\"has-black-color has-text-color has-link-color wp-elements-8b547b8bd07073d7d49e70c48d5f9f2c\"><strong>\ud83d\udcc5 22\/04<\/strong><br>Strogonoff de frango (arroz branco, batata palha e salada) \u2013 <strong>R$ 30,00<\/strong><\/p>\n\n\n\n<p class=\"has-black-color has-text-color has-link-color wp-elements-dc09cfe4648b8229f02e857808ddc223\"><strong>\ud83d\udcc5 23\/04<\/strong><br>Risoto de frango (batata palha e salada) \u2013 <strong>R$ 30,00<\/strong><\/p>\n\n\n\n<p class=\"has-black-color has-text-color has-link-color wp-elements-d0366633eb9f3c9d886b4ffef73a4f39\"><strong>\ud83d\udcc5 24\/04<\/strong><br>Strogonoff de carne (arroz branco, batata palha e salada) \u2013 <strong>R$ 35,00<\/strong><\/p>\n\n\n\n<p class=\"has-black-color has-text-color has-link-color wp-elements-120c15e32b146e55e4aad31029d15429\"><strong>\ud83d\udcc5 25\/04<\/strong><br>Carreteiro (batata palha e salada) \u2013 <strong>R$ 35,00<\/strong><\/p>\n\n\n\n<p class=\"has-black-color has-text-color has-link-color wp-elements-66a1f25840cb5cbcb9d4b485796d0921\">\ud83e\udd64 <em>Todos os pratos acompanham um copo de suco de laranja.<\/em><\/p>\n\n\n\n<p class=\"has-black-color has-text-color has-link-color wp-elements-8ac2e27b2301dce96989d64605783fc1\">\ud83d\udc69\u200d\ud83c\udf73 <em>Almo\u00e7o preparado com carinho pela Dal\u00ea Doceria.<\/em><\/p>\n\n\n\n<p class=\"has-black-color has-text-color has-link-color wp-elements-5f138a3ebece91ac08ac9f88afa6b0d0\">\u2728 <em>Almo\u00e7o saboroso garantido todos os dias \u2014 escolha seu prato e aproveite!<\/em><\/p>\n\n\n\n<p class=\"has-black-color has-text-color has-link-color wp-elements-1909087e75b5a7146f76987b243a97dc\"><strong>\ud83d\ude8c Transporte P\u00fablico<\/strong><br>Diversas linhas de \u00f4nibus passam pela Associa\u00e7\u00e3o Catarinense de Medicina, com op\u00e7\u00f5es de ida e volta.<\/p>\n\n\n\n<ul class=\"wp-block-list\">\n<li class=\"has-black-color has-text-color has-link-color wp-elements-798f174d3a3584ce24a1db241f66395b\"><strong>Saindo do centro (TICEN) ou da Trindade (TITRI):<\/strong> utilize linhas em dire\u00e7\u00e3o ao norte da Ilha.<\/li>\n\n\n\n<li class=\"has-black-color has-text-color has-link-color wp-elements-3545d9d591df2ada141c0d9d35e3b254\"><strong>Saindo do norte da Ilha:<\/strong> utilize linhas em dire\u00e7\u00e3o ao centro (TICEN).<\/li>\n<\/ul>\n\n\n\n<p class=\"has-black-color has-text-color has-link-color wp-elements-e9c21639c1243a5f27ef2a0097ebc8fe\"><em>Para ambos os trajetos (saindo do centro\/Trindade ou do norte da Ilha), a parada fica na rodovia, pr\u00f3xima \u00e0 Associa\u00e7\u00e3o Catarinense de Medicina.<\/em><\/p>\n\n\n\n<p><\/p>\n\n\n\n<p class=\"has-black-color has-text-color has-link-color wp-elements-419dba4e0b3a80787f3dc2ca2c4ea86e\">\ud83d\udc49 <em>Programe sua visita e venha viver a experi\u00eancia do <strong>Floripa Quilt!<\/strong><\/em><\/p>\n\n\n\n<p><\/p>\n","protected":false},"excerpt":{"rendered":"<p>\ud83d\udcc5 Data22 a 25 de abril (quarta a s\u00e1bado) \ud83d\udd52 Hor\u00e1rioDas 11h \u00e0s 18h \ud83d\udccd LocalCentro de Eventos da Associa\u00e7\u00e3o Catarinense de MedicinaRodovia Jos\u00e9 Carlos Daux, 3854 \u2013 Saco GrandeFlorian\u00f3polis\/SC \ud83c\udf9f\ufe0f EntradaGratuita \ud83d\ude97 EstacionamentoO estacionamento \u00e9 administrado pela Associa\u00e7\u00e3o Catarinense de Medicina, sendo esta a respons\u00e1vel pelos valores, cobran\u00e7a e opera\u00e7\u00e3o do servi\u00e7o. \ud83c\udf7d\ufe0f \u00c1rea de Alimenta\u00e7\u00e3oFuncionamento das 11h \u00e0s 18h. Al\u00e9m de um excelente caf\u00e9, doces e salgados \u2014 perfeitos para aquele momento de pausa \u2014 o espa\u00e7o tamb\u00e9m conta com servi\u00e7o de almo\u00e7o durante todos os dias do evento. \u2728 Seja para um caf\u00e9, um peda\u00e7o de bolo ou um salgado, entre uma circulada e outra pela feira, ou para um almo\u00e7o especial, a experi\u00eancia est\u00e1 garantida. \ud83c\udf7d\ufe0f Card\u00e1pio do Almo\u00e7o Confira as op\u00e7\u00f5es dispon\u00edveis durante o evento: \ud83d\udcc5 22\/04Strogonoff de frango (arroz branco, batata palha e salada) \u2013 R$ 30,00 \ud83d\udcc5 23\/04Risoto de frango (batata palha e salada) \u2013 R$ 30,00 \ud83d\udcc5 24\/04Strogonoff de carne (arroz branco, batata palha e salada) \u2013 R$ 35,00 \ud83d\udcc5 25\/04Carreteiro (batata palha e salada) \u2013 R$ 35,00 \ud83e\udd64 Todos os pratos acompanham um copo de suco de laranja. \ud83d\udc69\u200d\ud83c\udf73 Almo\u00e7o preparado com carinho pela Dal\u00ea Doceria. \u2728 Almo\u00e7o saboroso garantido todos os dias \u2014 escolha seu prato e aproveite! \ud83d\ude8c Transporte P\u00fablicoDiversas linhas de \u00f4nibus passam pela Associa\u00e7\u00e3o Catarinense de Medicina, com op\u00e7\u00f5es de ida e volta. Para ambos os trajetos (saindo do centro\/Trindade ou do norte da Ilha), a parada fica na rodovia, pr\u00f3xima \u00e0 Associa\u00e7\u00e3o Catarinense de Medicina. \ud83d\udc49 Programe sua visita e venha viver a experi\u00eancia do Floripa Quilt!<\/p>\n","protected":false},"author":29,"featured_media":0,"parent":0,"menu_order":0,"comment_status":"closed","ping_status":"closed","template":"","meta":{"_monsterinsights_skip_tracking":false,"_monsterinsights_sitenote_active":false,"_monsterinsights_sitenote_note":"","_monsterinsights_sitenote_category":0,"_uf_show_specific_survey":0,"_uf_disable_surveys":false,"footnotes":""},"class_list":["post-11934","page","type-page","status-publish","hentry"],"acf":[],"yoast_head":"<!-- This site is optimized with the Yoast SEO plugin v27.5 - https:\/\/yoast.com\/product\/yoast-seo-wordpress\/ -->\n<title>SERVI\u00c7OS AOS VISITANTES - Floripa Quilt<\/title>\n<meta name=\"robots\" content=\"index, follow, max-snippet:-1, max-image-preview:large, max-video-preview:-1\" \/>\n<link rel=\"canonical\" href=\"https:\/\/floripaquilt.com.br\/2026\/servicos-aos-visitantes\/\" \/>\n<meta property=\"og:locale\" content=\"pt_BR\" \/>\n<meta property=\"og:type\" content=\"article\" \/>\n<meta property=\"og:title\" content=\"SERVI\u00c7OS AOS VISITANTES - Floripa Quilt\" \/>\n<meta property=\"og:description\" content=\"\ud83d\udcc5 Data22 a 25 de abril (quarta a s\u00e1bado) \ud83d\udd52 Hor\u00e1rioDas 11h \u00e0s 18h \ud83d\udccd LocalCentro de Eventos da Associa\u00e7\u00e3o Catarinense de MedicinaRodovia Jos\u00e9 Carlos Daux, 3854 \u2013 Saco GrandeFlorian\u00f3polis\/SC \ud83c\udf9f\ufe0f EntradaGratuita \ud83d\ude97 EstacionamentoO estacionamento \u00e9 administrado pela Associa\u00e7\u00e3o Catarinense de Medicina, sendo esta a respons\u00e1vel pelos valores, cobran\u00e7a e opera\u00e7\u00e3o do servi\u00e7o. \ud83c\udf7d\ufe0f \u00c1rea de Alimenta\u00e7\u00e3oFuncionamento das 11h \u00e0s 18h. Al\u00e9m de um excelente caf\u00e9, doces e salgados \u2014 perfeitos para aquele momento de pausa \u2014 o espa\u00e7o tamb\u00e9m conta com servi\u00e7o de almo\u00e7o durante todos os dias do evento. \u2728 Seja para um caf\u00e9, um peda\u00e7o de bolo ou um salgado, entre uma circulada e outra pela feira, ou para um almo\u00e7o especial, a experi\u00eancia est\u00e1 garantida. \ud83c\udf7d\ufe0f Card\u00e1pio do Almo\u00e7o Confira as op\u00e7\u00f5es dispon\u00edveis durante o evento: \ud83d\udcc5 22\/04Strogonoff de frango (arroz branco, batata palha e salada) \u2013 R$ 30,00 \ud83d\udcc5 23\/04Risoto de frango (batata palha e salada) \u2013 R$ 30,00 \ud83d\udcc5 24\/04Strogonoff de carne (arroz branco, batata palha e salada) \u2013 R$ 35,00 \ud83d\udcc5 25\/04Carreteiro (batata palha e salada) \u2013 R$ 35,00 \ud83e\udd64 Todos os pratos acompanham um copo de suco de laranja. \ud83d\udc69\u200d\ud83c\udf73 Almo\u00e7o preparado com carinho pela Dal\u00ea Doceria. \u2728 Almo\u00e7o saboroso garantido todos os dias \u2014 escolha seu prato e aproveite! \ud83d\ude8c Transporte P\u00fablicoDiversas linhas de \u00f4nibus passam pela Associa\u00e7\u00e3o Catarinense de Medicina, com op\u00e7\u00f5es de ida e volta. Para ambos os trajetos (saindo do centro\/Trindade ou do norte da Ilha), a parada fica na rodovia, pr\u00f3xima \u00e0 Associa\u00e7\u00e3o Catarinense de Medicina. \ud83d\udc49 Programe sua visita e venha viver a experi\u00eancia do Floripa Quilt!\" \/>\n<meta property=\"og:url\" content=\"https:\/\/floripaquilt.com.br\/2026\/servicos-aos-visitantes\/\" \/>\n<meta property=\"og:site_name\" content=\"Floripa Quilt\" \/>\n<meta property=\"article:modified_time\" content=\"2026-03-18T16:49:55+00:00\" \/>\n<meta name=\"twitter:card\" content=\"summary_large_image\" \/>\n<meta name=\"twitter:label1\" content=\"Est. tempo de leitura\" \/>\n\t<meta name=\"twitter:data1\" content=\"2 minutos\" \/>\n<script type=\"application\/ld+json\" class=\"yoast-schema-graph\">{\"@context\":\"https:\\\/\\\/schema.org\",\"@graph\":[{\"@type\":\"WebPage\",\"@id\":\"https:\\\/\\\/floripaquilt.com.br\\\/2026\\\/servicos-aos-visitantes\\\/\",\"url\":\"https:\\\/\\\/floripaquilt.com.br\\\/2026\\\/servicos-aos-visitantes\\\/\",\"name\":\"SERVI\u00c7OS AOS VISITANTES - Floripa Quilt\",\"isPartOf\":{\"@id\":\"https:\\\/\\\/floripaquilt.com.br\\\/2026\\\/#website\"},\"datePublished\":\"2026-03-18T15:14:54+00:00\",\"dateModified\":\"2026-03-18T16:49:55+00:00\",\"breadcrumb\":{\"@id\":\"https:\\\/\\\/floripaquilt.com.br\\\/2026\\\/servicos-aos-visitantes\\\/#breadcrumb\"},\"inLanguage\":\"pt-BR\",\"potentialAction\":[{\"@type\":\"ReadAction\",\"target\":[\"https:\\\/\\\/floripaquilt.com.br\\\/2026\\\/servicos-aos-visitantes\\\/\"]}]},{\"@type\":\"BreadcrumbList\",\"@id\":\"https:\\\/\\\/floripaquilt.com.br\\\/2026\\\/servicos-aos-visitantes\\\/#breadcrumb\",\"itemListElement\":[{\"@type\":\"ListItem\",\"position\":1,\"name\":\"In\u00edcio\",\"item\":\"https:\\\/\\\/floripaquilt.com.br\\\/2026\\\/\"},{\"@type\":\"ListItem\",\"position\":2,\"name\":\"SERVI\u00c7OS AOS VISITANTES\"}]},{\"@type\":\"WebSite\",\"@id\":\"https:\\\/\\\/floripaquilt.com.br\\\/2026\\\/#website\",\"url\":\"https:\\\/\\\/floripaquilt.com.br\\\/2026\\\/\",\"name\":\"Floripa Quilt\",\"description\":\"Floripa Quilt 2026 - 13\u00ba Festival de Patchwork, Arte T\u00eaxtil &amp; Boneca de Pano\",\"publisher\":{\"@id\":\"https:\\\/\\\/floripaquilt.com.br\\\/2026\\\/#organization\"},\"potentialAction\":[{\"@type\":\"SearchAction\",\"target\":{\"@type\":\"EntryPoint\",\"urlTemplate\":\"https:\\\/\\\/floripaquilt.com.br\\\/2026\\\/?s={search_term_string}\"},\"query-input\":{\"@type\":\"PropertyValueSpecification\",\"valueRequired\":true,\"valueName\":\"search_term_string\"}}],\"inLanguage\":\"pt-BR\"},{\"@type\":\"Organization\",\"@id\":\"https:\\\/\\\/floripaquilt.com.br\\\/2026\\\/#organization\",\"name\":\"Floripa Quilt\",\"url\":\"https:\\\/\\\/floripaquilt.com.br\\\/2026\\\/\",\"logo\":{\"@type\":\"ImageObject\",\"inLanguage\":\"pt-BR\",\"@id\":\"https:\\\/\\\/floripaquilt.com.br\\\/2026\\\/#\\\/schema\\\/logo\\\/image\\\/\",\"url\":\"https:\\\/\\\/floripaquilt.com.br\\\/2026\\\/wp-content\\\/uploads\\\/2025\\\/08\\\/Sem-titulo-2-scaled.jpg\",\"contentUrl\":\"https:\\\/\\\/floripaquilt.com.br\\\/2026\\\/wp-content\\\/uploads\\\/2025\\\/08\\\/Sem-titulo-2-scaled.jpg\",\"width\":2560,\"height\":369,\"caption\":\"Floripa Quilt\"},\"image\":{\"@id\":\"https:\\\/\\\/floripaquilt.com.br\\\/2026\\\/#\\\/schema\\\/logo\\\/image\\\/\"}}]}<\/script>\n<!-- \/ Yoast SEO plugin. -->","yoast_head_json":{"title":"SERVI\u00c7OS AOS VISITANTES - Floripa Quilt","robots":{"index":"index","follow":"follow","max-snippet":"max-snippet:-1","max-image-preview":"max-image-preview:large","max-video-preview":"max-video-preview:-1"},"canonical":"https:\/\/floripaquilt.com.br\/2026\/servicos-aos-visitantes\/","og_locale":"pt_BR","og_type":"article","og_title":"SERVI\u00c7OS AOS VISITANTES - Floripa Quilt","og_description":"\ud83d\udcc5 Data22 a 25 de abril (quarta a s\u00e1bado) \ud83d\udd52 Hor\u00e1rioDas 11h \u00e0s 18h \ud83d\udccd LocalCentro de Eventos da Associa\u00e7\u00e3o Catarinense de MedicinaRodovia Jos\u00e9 Carlos Daux, 3854 \u2013 Saco GrandeFlorian\u00f3polis\/SC \ud83c\udf9f\ufe0f EntradaGratuita \ud83d\ude97 EstacionamentoO estacionamento \u00e9 administrado pela Associa\u00e7\u00e3o Catarinense de Medicina, sendo esta a respons\u00e1vel pelos valores, cobran\u00e7a e opera\u00e7\u00e3o do servi\u00e7o. \ud83c\udf7d\ufe0f \u00c1rea de Alimenta\u00e7\u00e3oFuncionamento das 11h \u00e0s 18h. Al\u00e9m de um excelente caf\u00e9, doces e salgados \u2014 perfeitos para aquele momento de pausa \u2014 o espa\u00e7o tamb\u00e9m conta com servi\u00e7o de almo\u00e7o durante todos os dias do evento. \u2728 Seja para um caf\u00e9, um peda\u00e7o de bolo ou um salgado, entre uma circulada e outra pela feira, ou para um almo\u00e7o especial, a experi\u00eancia est\u00e1 garantida. \ud83c\udf7d\ufe0f Card\u00e1pio do Almo\u00e7o Confira as op\u00e7\u00f5es dispon\u00edveis durante o evento: \ud83d\udcc5 22\/04Strogonoff de frango (arroz branco, batata palha e salada) \u2013 R$ 30,00 \ud83d\udcc5 23\/04Risoto de frango (batata palha e salada) \u2013 R$ 30,00 \ud83d\udcc5 24\/04Strogonoff de carne (arroz branco, batata palha e salada) \u2013 R$ 35,00 \ud83d\udcc5 25\/04Carreteiro (batata palha e salada) \u2013 R$ 35,00 \ud83e\udd64 Todos os pratos acompanham um copo de suco de laranja. \ud83d\udc69\u200d\ud83c\udf73 Almo\u00e7o preparado com carinho pela Dal\u00ea Doceria. \u2728 Almo\u00e7o saboroso garantido todos os dias \u2014 escolha seu prato e aproveite! \ud83d\ude8c Transporte P\u00fablicoDiversas linhas de \u00f4nibus passam pela Associa\u00e7\u00e3o Catarinense de Medicina, com op\u00e7\u00f5es de ida e volta. Para ambos os trajetos (saindo do centro\/Trindade ou do norte da Ilha), a parada fica na rodovia, pr\u00f3xima \u00e0 Associa\u00e7\u00e3o Catarinense de Medicina. \ud83d\udc49 Programe sua visita e venha viver a experi\u00eancia do Floripa Quilt!","og_url":"https:\/\/floripaquilt.com.br\/2026\/servicos-aos-visitantes\/","og_site_name":"Floripa Quilt","article_modified_time":"2026-03-18T16:49:55+00:00","twitter_card":"summary_large_image","twitter_misc":{"Est. tempo de leitura":"2 minutos"},"schema":{"@context":"https:\/\/schema.org","@graph":[{"@type":"WebPage","@id":"https:\/\/floripaquilt.com.br\/2026\/servicos-aos-visitantes\/","url":"https:\/\/floripaquilt.com.br\/2026\/servicos-aos-visitantes\/","name":"SERVI\u00c7OS AOS VISITANTES - Floripa Quilt","isPartOf":{"@id":"https:\/\/floripaquilt.com.br\/2026\/#website"},"datePublished":"2026-03-18T15:14:54+00:00","dateModified":"2026-03-18T16:49:55+00:00","breadcrumb":{"@id":"https:\/\/floripaquilt.com.br\/2026\/servicos-aos-visitantes\/#breadcrumb"},"inLanguage":"pt-BR","potentialAction":[{"@type":"ReadAction","target":["https:\/\/floripaquilt.com.br\/2026\/servicos-aos-visitantes\/"]}]},{"@type":"BreadcrumbList","@id":"https:\/\/floripaquilt.com.br\/2026\/servicos-aos-visitantes\/#breadcrumb","itemListElement":[{"@type":"ListItem","position":1,"name":"In\u00edcio","item":"https:\/\/floripaquilt.com.br\/2026\/"},{"@type":"ListItem","position":2,"name":"SERVI\u00c7OS AOS VISITANTES"}]},{"@type":"WebSite","@id":"https:\/\/floripaquilt.com.br\/2026\/#website","url":"https:\/\/floripaquilt.com.br\/2026\/","name":"Floripa Quilt","description":"Floripa Quilt 2026 - 13\u00ba Festival de Patchwork, Arte T\u00eaxtil &amp; Boneca de Pano","publisher":{"@id":"https:\/\/floripaquilt.com.br\/2026\/#organization"},"potentialAction":[{"@type":"SearchAction","target":{"@type":"EntryPoint","urlTemplate":"https:\/\/floripaquilt.com.br\/2026\/?s={search_term_string}"},"query-input":{"@type":"PropertyValueSpecification","valueRequired":true,"valueName":"search_term_string"}}],"inLanguage":"pt-BR"},{"@type":"Organization","@id":"https:\/\/floripaquilt.com.br\/2026\/#organization","name":"Floripa Quilt","url":"https:\/\/floripaquilt.com.br\/2026\/","logo":{"@type":"ImageObject","inLanguage":"pt-BR","@id":"https:\/\/floripaquilt.com.br\/2026\/#\/schema\/logo\/image\/","url":"https:\/\/floripaquilt.com.br\/2026\/wp-content\/uploads\/2025\/08\/Sem-titulo-2-scaled.jpg","contentUrl":"https:\/\/floripaquilt.com.br\/2026\/wp-content\/uploads\/2025\/08\/Sem-titulo-2-scaled.jpg","width":2560,"height":369,"caption":"Floripa Quilt"},"image":{"@id":"https:\/\/floripaquilt.com.br\/2026\/#\/schema\/logo\/image\/"}}]}},"jetpack_sharing_enabled":true,"_links":{"self":[{"href":"https:\/\/floripaquilt.com.br\/2026\/wp-json\/wp\/v2\/pages\/11934","targetHints":{"allow":["GET"]}}],"collection":[{"href":"https:\/\/floripaquilt.com.br\/2026\/wp-json\/wp\/v2\/pages"}],"about":[{"href":"https:\/\/floripaquilt.com.br\/2026\/wp-json\/wp\/v2\/types\/page"}],"author":[{"embeddable":true,"href":"https:\/\/floripaquilt.com.br\/2026\/wp-json\/wp\/v2\/users\/29"}],"replies":[{"embeddable":true,"href":"https:\/\/floripaquilt.com.br\/2026\/wp-json\/wp\/v2\/comments?post=11934"}],"version-history":[{"count":4,"href":"https:\/\/floripaquilt.com.br\/2026\/wp-json\/wp\/v2\/pages\/11934\/revisions"}],"predecessor-version":[{"id":11946,"href":"https:\/\/floripaquilt.com.br\/2026\/wp-json\/wp\/v2\/pages\/11934\/revisions\/11946"}],"wp:attachment":[{"href":"https:\/\/floripaquilt.com.br\/2026\/wp-json\/wp\/v2\/media?parent=11934"}],"curies":[{"name":"wp","href":"https:\/\/api.w.org\/{rel}","templated":true}]}}