{"id":11276,"date":"2025-09-24T19:41:28","date_gmt":"2025-09-24T22:41:28","guid":{"rendered":"https:\/\/floripaquilt.com.br\/2026\/?page_id=11276"},"modified":"2025-09-24T19:41:30","modified_gmt":"2025-09-24T22:41:30","slug":"aulas-demonstrativas-gratuitas","status":"publish","type":"page","link":"https:\/\/floripaquilt.com.br\/2026\/aulas-demonstrativas-gratuitas\/","title":{"rendered":"AULAS DEMONSTRATIVAS GRATUITAS"},"content":{"rendered":"<div class=\"gtranslate_wrapper\" id=\"gt-wrapper-19844179\"><\/div>\n\n\n\n<p><\/p>\n\n\n\n<figure class=\"wp-block-gallery has-nested-images columns-default is-cropped wp-block-gallery-1 is-layout-flex wp-block-gallery-is-layout-flex\">\n<figure class=\"wp-block-image size-large\"><img loading=\"lazy\" decoding=\"async\" width=\"1024\" height=\"683\" data-id=\"11307\" src=\"https:\/\/floripaquilt.com.br\/2026\/wp-content\/uploads\/2025\/09\/DSCF0070-1024x683.jpg\" alt=\"\" class=\"wp-image-11307\" srcset=\"https:\/\/floripaquilt.com.br\/2026\/wp-content\/uploads\/2025\/09\/DSCF0070-1024x683.jpg 1024w, https:\/\/floripaquilt.com.br\/2026\/wp-content\/uploads\/2025\/09\/DSCF0070-300x200.jpg 300w, https:\/\/floripaquilt.com.br\/2026\/wp-content\/uploads\/2025\/09\/DSCF0070-768x512.jpg 768w, https:\/\/floripaquilt.com.br\/2026\/wp-content\/uploads\/2025\/09\/DSCF0070-1536x1024.jpg 1536w, https:\/\/floripaquilt.com.br\/2026\/wp-content\/uploads\/2025\/09\/DSCF0070-2048x1365.jpg 2048w, https:\/\/floripaquilt.com.br\/2026\/wp-content\/uploads\/2025\/09\/DSCF0070-600x400.jpg 600w\" sizes=\"auto, (max-width: 1024px) 100vw, 1024px\" \/><\/figure>\n\n\n\n<figure class=\"wp-block-image size-large\"><img loading=\"lazy\" decoding=\"async\" width=\"1024\" height=\"924\" data-id=\"11302\" src=\"https:\/\/floripaquilt.com.br\/2026\/wp-content\/uploads\/2025\/09\/DSCN3724-2-1024x924.jpg\" alt=\"\" class=\"wp-image-11302\" srcset=\"https:\/\/floripaquilt.com.br\/2026\/wp-content\/uploads\/2025\/09\/DSCN3724-2-1024x924.jpg 1024w, https:\/\/floripaquilt.com.br\/2026\/wp-content\/uploads\/2025\/09\/DSCN3724-2-300x271.jpg 300w, https:\/\/floripaquilt.com.br\/2026\/wp-content\/uploads\/2025\/09\/DSCN3724-2-768x693.jpg 768w\" sizes=\"auto, (max-width: 1024px) 100vw, 1024px\" \/><\/figure>\n\n\n\n<figure class=\"wp-block-image size-large\"><img loading=\"lazy\" decoding=\"async\" width=\"1024\" height=\"683\" data-id=\"11298\" src=\"https:\/\/floripaquilt.com.br\/2026\/wp-content\/uploads\/2025\/09\/DSCF2885-1024x683.jpg\" alt=\"\" class=\"wp-image-11298\" srcset=\"https:\/\/floripaquilt.com.br\/2026\/wp-content\/uploads\/2025\/09\/DSCF2885-1024x683.jpg 1024w, https:\/\/floripaquilt.com.br\/2026\/wp-content\/uploads\/2025\/09\/DSCF2885-300x200.jpg 300w, https:\/\/floripaquilt.com.br\/2026\/wp-content\/uploads\/2025\/09\/DSCF2885-768x512.jpg 768w, https:\/\/floripaquilt.com.br\/2026\/wp-content\/uploads\/2025\/09\/DSCF2885-1536x1024.jpg 1536w, https:\/\/floripaquilt.com.br\/2026\/wp-content\/uploads\/2025\/09\/DSCF2885-2048x1365.jpg 2048w, https:\/\/floripaquilt.com.br\/2026\/wp-content\/uploads\/2025\/09\/DSCF2885-600x400.jpg 600w\" sizes=\"auto, (max-width: 1024px) 100vw, 1024px\" \/><\/figure>\n<\/figure>\n\n\n\n<p class=\"has-black-color has-text-color has-link-color wp-elements-56a1903a34344011956b69b5f6170fdc\">As <strong>Aulas Demonstrativas<\/strong> s\u00e3o apresenta\u00e7\u00f5es pr\u00e1ticas em que professores compartilham t\u00e9cnicas e processos criativos de forma acess\u00edvel ao p\u00fablico.<br>Seu objetivo \u00e9 difundir saberes, despertar o interesse e aproximar ainda mais as pessoas do patchwork, arte t\u00eaxtil, bonecaria e manualidades.<br>No <strong>Floripa Quilt \u2013 Festival de Patchwork, Arte T\u00eaxtil &amp; Boneca de Pano<\/strong>, essas <strong>Aulas Demonstrativas ser\u00e3o totalmente gratuitas<\/strong> e integrar\u00e3o a vasta programa\u00e7\u00e3o dos quatro dias do evento.<br>Os hor\u00e1rios e professores ser\u00e3o definidos e divulgados posteriormente.<br><strong>Aguarde!<\/strong><\/p>\n\n\n\n<p><\/p>\n\n\n\n<p><\/p>\n","protected":false},"excerpt":{"rendered":"<p>As Aulas Demonstrativas s\u00e3o apresenta\u00e7\u00f5es pr\u00e1ticas em que professores compartilham t\u00e9cnicas e processos criativos de forma acess\u00edvel ao p\u00fablico.Seu objetivo \u00e9 difundir saberes, despertar o interesse e aproximar ainda mais as pessoas do patchwork, arte t\u00eaxtil, bonecaria e manualidades.No Floripa Quilt \u2013 Festival de Patchwork, Arte T\u00eaxtil &amp; Boneca de Pano, essas Aulas Demonstrativas ser\u00e3o totalmente gratuitas e integrar\u00e3o a vasta programa\u00e7\u00e3o dos quatro dias do evento.Os hor\u00e1rios e professores ser\u00e3o definidos e divulgados posteriormente.Aguarde!<\/p>\n","protected":false},"author":29,"featured_media":0,"parent":0,"menu_order":0,"comment_status":"closed","ping_status":"closed","template":"","meta":{"_monsterinsights_skip_tracking":false,"_monsterinsights_sitenote_active":false,"_monsterinsights_sitenote_note":"","_monsterinsights_sitenote_category":0,"_uf_show_specific_survey":0,"_uf_disable_surveys":false,"footnotes":""},"class_list":["post-11276","page","type-page","status-publish","hentry"],"acf":[],"yoast_head":"<!-- This site is optimized with the Yoast SEO plugin v27.4 - https:\/\/yoast.com\/product\/yoast-seo-wordpress\/ -->\n<title>AULAS DEMONSTRATIVAS GRATUITAS - Floripa Quilt<\/title>\n<meta name=\"robots\" content=\"index, follow, max-snippet:-1, max-image-preview:large, max-video-preview:-1\" \/>\n<link rel=\"canonical\" href=\"https:\/\/floripaquilt.com.br\/2026\/aulas-demonstrativas-gratuitas\/\" \/>\n<meta property=\"og:locale\" content=\"pt_BR\" \/>\n<meta property=\"og:type\" content=\"article\" \/>\n<meta property=\"og:title\" content=\"AULAS DEMONSTRATIVAS GRATUITAS - Floripa Quilt\" \/>\n<meta property=\"og:description\" content=\"As Aulas Demonstrativas s\u00e3o apresenta\u00e7\u00f5es pr\u00e1ticas em que professores compartilham t\u00e9cnicas e processos criativos de forma acess\u00edvel ao p\u00fablico.Seu objetivo \u00e9 difundir saberes, despertar o interesse e aproximar ainda mais as pessoas do patchwork, arte t\u00eaxtil, bonecaria e manualidades.No Floripa Quilt \u2013 Festival de Patchwork, Arte T\u00eaxtil &amp; Boneca de Pano, essas Aulas Demonstrativas ser\u00e3o totalmente gratuitas e integrar\u00e3o a vasta programa\u00e7\u00e3o dos quatro dias do evento.Os hor\u00e1rios e professores ser\u00e3o definidos e divulgados posteriormente.Aguarde!\" \/>\n<meta property=\"og:url\" content=\"https:\/\/floripaquilt.com.br\/2026\/aulas-demonstrativas-gratuitas\/\" \/>\n<meta property=\"og:site_name\" content=\"Floripa Quilt\" \/>\n<meta property=\"article:modified_time\" content=\"2025-09-24T22:41:30+00:00\" \/>\n<meta property=\"og:image\" content=\"https:\/\/floripaquilt.com.br\/2026\/wp-content\/uploads\/2025\/09\/DSCF0070-1024x683.jpg\" \/>\n<meta name=\"twitter:card\" content=\"summary_large_image\" \/>\n<meta name=\"twitter:label1\" content=\"Est. tempo de leitura\" \/>\n\t<meta name=\"twitter:data1\" content=\"2 minutos\" \/>\n<script type=\"application\/ld+json\" class=\"yoast-schema-graph\">{\"@context\":\"https:\\\/\\\/schema.org\",\"@graph\":[{\"@type\":\"WebPage\",\"@id\":\"https:\\\/\\\/floripaquilt.com.br\\\/2026\\\/aulas-demonstrativas-gratuitas\\\/\",\"url\":\"https:\\\/\\\/floripaquilt.com.br\\\/2026\\\/aulas-demonstrativas-gratuitas\\\/\",\"name\":\"AULAS DEMONSTRATIVAS GRATUITAS - Floripa Quilt\",\"isPartOf\":{\"@id\":\"https:\\\/\\\/floripaquilt.com.br\\\/2026\\\/#website\"},\"primaryImageOfPage\":{\"@id\":\"https:\\\/\\\/floripaquilt.com.br\\\/2026\\\/aulas-demonstrativas-gratuitas\\\/#primaryimage\"},\"image\":{\"@id\":\"https:\\\/\\\/floripaquilt.com.br\\\/2026\\\/aulas-demonstrativas-gratuitas\\\/#primaryimage\"},\"thumbnailUrl\":\"https:\\\/\\\/floripaquilt.com.br\\\/2026\\\/wp-content\\\/uploads\\\/2025\\\/09\\\/DSCF0070-1024x683.jpg\",\"datePublished\":\"2025-09-24T22:41:28+00:00\",\"dateModified\":\"2025-09-24T22:41:30+00:00\",\"breadcrumb\":{\"@id\":\"https:\\\/\\\/floripaquilt.com.br\\\/2026\\\/aulas-demonstrativas-gratuitas\\\/#breadcrumb\"},\"inLanguage\":\"pt-BR\",\"potentialAction\":[{\"@type\":\"ReadAction\",\"target\":[\"https:\\\/\\\/floripaquilt.com.br\\\/2026\\\/aulas-demonstrativas-gratuitas\\\/\"]}]},{\"@type\":\"ImageObject\",\"inLanguage\":\"pt-BR\",\"@id\":\"https:\\\/\\\/floripaquilt.com.br\\\/2026\\\/aulas-demonstrativas-gratuitas\\\/#primaryimage\",\"url\":\"https:\\\/\\\/floripaquilt.com.br\\\/2026\\\/wp-content\\\/uploads\\\/2025\\\/09\\\/DSCF0070-scaled.jpg\",\"contentUrl\":\"https:\\\/\\\/floripaquilt.com.br\\\/2026\\\/wp-content\\\/uploads\\\/2025\\\/09\\\/DSCF0070-scaled.jpg\",\"width\":2560,\"height\":1707},{\"@type\":\"BreadcrumbList\",\"@id\":\"https:\\\/\\\/floripaquilt.com.br\\\/2026\\\/aulas-demonstrativas-gratuitas\\\/#breadcrumb\",\"itemListElement\":[{\"@type\":\"ListItem\",\"position\":1,\"name\":\"In\u00edcio\",\"item\":\"https:\\\/\\\/floripaquilt.com.br\\\/2026\\\/\"},{\"@type\":\"ListItem\",\"position\":2,\"name\":\"AULAS DEMONSTRATIVAS GRATUITAS\"}]},{\"@type\":\"WebSite\",\"@id\":\"https:\\\/\\\/floripaquilt.com.br\\\/2026\\\/#website\",\"url\":\"https:\\\/\\\/floripaquilt.com.br\\\/2026\\\/\",\"name\":\"Floripa Quilt\",\"description\":\"Floripa Quilt 2026 - 13\u00ba Festival de Patchwork, Arte T\u00eaxtil &amp; Boneca de Pano\",\"publisher\":{\"@id\":\"https:\\\/\\\/floripaquilt.com.br\\\/2026\\\/#organization\"},\"potentialAction\":[{\"@type\":\"SearchAction\",\"target\":{\"@type\":\"EntryPoint\",\"urlTemplate\":\"https:\\\/\\\/floripaquilt.com.br\\\/2026\\\/?s={search_term_string}\"},\"query-input\":{\"@type\":\"PropertyValueSpecification\",\"valueRequired\":true,\"valueName\":\"search_term_string\"}}],\"inLanguage\":\"pt-BR\"},{\"@type\":\"Organization\",\"@id\":\"https:\\\/\\\/floripaquilt.com.br\\\/2026\\\/#organization\",\"name\":\"Floripa Quilt\",\"url\":\"https:\\\/\\\/floripaquilt.com.br\\\/2026\\\/\",\"logo\":{\"@type\":\"ImageObject\",\"inLanguage\":\"pt-BR\",\"@id\":\"https:\\\/\\\/floripaquilt.com.br\\\/2026\\\/#\\\/schema\\\/logo\\\/image\\\/\",\"url\":\"https:\\\/\\\/floripaquilt.com.br\\\/2026\\\/wp-content\\\/uploads\\\/2025\\\/08\\\/Sem-titulo-2-scaled.jpg\",\"contentUrl\":\"https:\\\/\\\/floripaquilt.com.br\\\/2026\\\/wp-content\\\/uploads\\\/2025\\\/08\\\/Sem-titulo-2-scaled.jpg\",\"width\":2560,\"height\":369,\"caption\":\"Floripa Quilt\"},\"image\":{\"@id\":\"https:\\\/\\\/floripaquilt.com.br\\\/2026\\\/#\\\/schema\\\/logo\\\/image\\\/\"}}]}<\/script>\n<!-- \/ Yoast SEO plugin. -->","yoast_head_json":{"title":"AULAS DEMONSTRATIVAS GRATUITAS - Floripa Quilt","robots":{"index":"index","follow":"follow","max-snippet":"max-snippet:-1","max-image-preview":"max-image-preview:large","max-video-preview":"max-video-preview:-1"},"canonical":"https:\/\/floripaquilt.com.br\/2026\/aulas-demonstrativas-gratuitas\/","og_locale":"pt_BR","og_type":"article","og_title":"AULAS DEMONSTRATIVAS GRATUITAS - Floripa Quilt","og_description":"As Aulas Demonstrativas s\u00e3o apresenta\u00e7\u00f5es pr\u00e1ticas em que professores compartilham t\u00e9cnicas e processos criativos de forma acess\u00edvel ao p\u00fablico.Seu objetivo \u00e9 difundir saberes, despertar o interesse e aproximar ainda mais as pessoas do patchwork, arte t\u00eaxtil, bonecaria e manualidades.No Floripa Quilt \u2013 Festival de Patchwork, Arte T\u00eaxtil &amp; Boneca de Pano, essas Aulas Demonstrativas ser\u00e3o totalmente gratuitas e integrar\u00e3o a vasta programa\u00e7\u00e3o dos quatro dias do evento.Os hor\u00e1rios e professores ser\u00e3o definidos e divulgados posteriormente.Aguarde!","og_url":"https:\/\/floripaquilt.com.br\/2026\/aulas-demonstrativas-gratuitas\/","og_site_name":"Floripa Quilt","article_modified_time":"2025-09-24T22:41:30+00:00","og_image":[{"url":"https:\/\/floripaquilt.com.br\/2026\/wp-content\/uploads\/2025\/09\/DSCF0070-1024x683.jpg","type":"","width":"","height":""}],"twitter_card":"summary_large_image","twitter_misc":{"Est. tempo de leitura":"2 minutos"},"schema":{"@context":"https:\/\/schema.org","@graph":[{"@type":"WebPage","@id":"https:\/\/floripaquilt.com.br\/2026\/aulas-demonstrativas-gratuitas\/","url":"https:\/\/floripaquilt.com.br\/2026\/aulas-demonstrativas-gratuitas\/","name":"AULAS DEMONSTRATIVAS GRATUITAS - Floripa Quilt","isPartOf":{"@id":"https:\/\/floripaquilt.com.br\/2026\/#website"},"primaryImageOfPage":{"@id":"https:\/\/floripaquilt.com.br\/2026\/aulas-demonstrativas-gratuitas\/#primaryimage"},"image":{"@id":"https:\/\/floripaquilt.com.br\/2026\/aulas-demonstrativas-gratuitas\/#primaryimage"},"thumbnailUrl":"https:\/\/floripaquilt.com.br\/2026\/wp-content\/uploads\/2025\/09\/DSCF0070-1024x683.jpg","datePublished":"2025-09-24T22:41:28+00:00","dateModified":"2025-09-24T22:41:30+00:00","breadcrumb":{"@id":"https:\/\/floripaquilt.com.br\/2026\/aulas-demonstrativas-gratuitas\/#breadcrumb"},"inLanguage":"pt-BR","potentialAction":[{"@type":"ReadAction","target":["https:\/\/floripaquilt.com.br\/2026\/aulas-demonstrativas-gratuitas\/"]}]},{"@type":"ImageObject","inLanguage":"pt-BR","@id":"https:\/\/floripaquilt.com.br\/2026\/aulas-demonstrativas-gratuitas\/#primaryimage","url":"https:\/\/floripaquilt.com.br\/2026\/wp-content\/uploads\/2025\/09\/DSCF0070-scaled.jpg","contentUrl":"https:\/\/floripaquilt.com.br\/2026\/wp-content\/uploads\/2025\/09\/DSCF0070-scaled.jpg","width":2560,"height":1707},{"@type":"BreadcrumbList","@id":"https:\/\/floripaquilt.com.br\/2026\/aulas-demonstrativas-gratuitas\/#breadcrumb","itemListElement":[{"@type":"ListItem","position":1,"name":"In\u00edcio","item":"https:\/\/floripaquilt.com.br\/2026\/"},{"@type":"ListItem","position":2,"name":"AULAS DEMONSTRATIVAS GRATUITAS"}]},{"@type":"WebSite","@id":"https:\/\/floripaquilt.com.br\/2026\/#website","url":"https:\/\/floripaquilt.com.br\/2026\/","name":"Floripa Quilt","description":"Floripa Quilt 2026 - 13\u00ba Festival de Patchwork, Arte T\u00eaxtil &amp; Boneca de Pano","publisher":{"@id":"https:\/\/floripaquilt.com.br\/2026\/#organization"},"potentialAction":[{"@type":"SearchAction","target":{"@type":"EntryPoint","urlTemplate":"https:\/\/floripaquilt.com.br\/2026\/?s={search_term_string}"},"query-input":{"@type":"PropertyValueSpecification","valueRequired":true,"valueName":"search_term_string"}}],"inLanguage":"pt-BR"},{"@type":"Organization","@id":"https:\/\/floripaquilt.com.br\/2026\/#organization","name":"Floripa Quilt","url":"https:\/\/floripaquilt.com.br\/2026\/","logo":{"@type":"ImageObject","inLanguage":"pt-BR","@id":"https:\/\/floripaquilt.com.br\/2026\/#\/schema\/logo\/image\/","url":"https:\/\/floripaquilt.com.br\/2026\/wp-content\/uploads\/2025\/08\/Sem-titulo-2-scaled.jpg","contentUrl":"https:\/\/floripaquilt.com.br\/2026\/wp-content\/uploads\/2025\/08\/Sem-titulo-2-scaled.jpg","width":2560,"height":369,"caption":"Floripa Quilt"},"image":{"@id":"https:\/\/floripaquilt.com.br\/2026\/#\/schema\/logo\/image\/"}}]}},"jetpack_sharing_enabled":true,"_links":{"self":[{"href":"https:\/\/floripaquilt.com.br\/2026\/wp-json\/wp\/v2\/pages\/11276","targetHints":{"allow":["GET"]}}],"collection":[{"href":"https:\/\/floripaquilt.com.br\/2026\/wp-json\/wp\/v2\/pages"}],"about":[{"href":"https:\/\/floripaquilt.com.br\/2026\/wp-json\/wp\/v2\/types\/page"}],"author":[{"embeddable":true,"href":"https:\/\/floripaquilt.com.br\/2026\/wp-json\/wp\/v2\/users\/29"}],"replies":[{"embeddable":true,"href":"https:\/\/floripaquilt.com.br\/2026\/wp-json\/wp\/v2\/comments?post=11276"}],"version-history":[{"count":9,"href":"https:\/\/floripaquilt.com.br\/2026\/wp-json\/wp\/v2\/pages\/11276\/revisions"}],"predecessor-version":[{"id":11308,"href":"https:\/\/floripaquilt.com.br\/2026\/wp-json\/wp\/v2\/pages\/11276\/revisions\/11308"}],"wp:attachment":[{"href":"https:\/\/floripaquilt.com.br\/2026\/wp-json\/wp\/v2\/media?parent=11276"}],"curies":[{"name":"wp","href":"https:\/\/api.w.org\/{rel}","templated":true}]}}