{"id":8757,"date":"2023-10-01T18:54:54","date_gmt":"2023-10-01T21:54:54","guid":{"rendered":"https:\/\/floripaquilt.com.br\/2024\/?page_id=8757"},"modified":"2024-08-22T07:08:34","modified_gmt":"2024-08-22T10:08:34","slug":"formacao","status":"publish","type":"page","link":"https:\/\/floripaquilt.com.br\/2024\/formacao\/","title":{"rendered":"FORMA\u00c7\u00c3O"},"content":{"rendered":"\n<figure class=\"wp-block-gallery has-nested-images columns-default is-cropped wp-block-gallery-1 is-layout-flex wp-block-gallery-is-layout-flex\">\n<figure class=\"wp-block-image size-large is-resized\"><img loading=\"lazy\" decoding=\"async\" width=\"1024\" height=\"683\" data-id=\"8817\" src=\"https:\/\/floripaquilt.com.br\/2024\/wp-content\/uploads\/2023\/09\/FLORIPA_QUILT_FINAL_ALTA-151-1024x683.jpg\" alt=\"\" class=\"wp-image-8817\" style=\"aspect-ratio:3\/2;object-fit:cover;width:undefinedpx;height:200px\" srcset=\"https:\/\/floripaquilt.com.br\/2024\/wp-content\/uploads\/2023\/09\/FLORIPA_QUILT_FINAL_ALTA-151-1024x683.jpg 1024w, https:\/\/floripaquilt.com.br\/2024\/wp-content\/uploads\/2023\/09\/FLORIPA_QUILT_FINAL_ALTA-151-300x200.jpg 300w, https:\/\/floripaquilt.com.br\/2024\/wp-content\/uploads\/2023\/09\/FLORIPA_QUILT_FINAL_ALTA-151-768x512.jpg 768w, https:\/\/floripaquilt.com.br\/2024\/wp-content\/uploads\/2023\/09\/FLORIPA_QUILT_FINAL_ALTA-151-1536x1024.jpg 1536w, https:\/\/floripaquilt.com.br\/2024\/wp-content\/uploads\/2023\/09\/FLORIPA_QUILT_FINAL_ALTA-151-2048x1365.jpg 2048w, https:\/\/floripaquilt.com.br\/2024\/wp-content\/uploads\/2023\/09\/FLORIPA_QUILT_FINAL_ALTA-151-600x400.jpg 600w\" sizes=\"auto, (max-width: 1024px) 100vw, 1024px\" \/><figcaption class=\"wp-element-caption\"><strong>Cursos e Oficinas<\/strong><\/figcaption><\/figure>\n\n\n\n<figure class=\"wp-block-image size-large is-resized\"><img loading=\"lazy\" decoding=\"async\" width=\"1024\" height=\"683\" data-id=\"8811\" src=\"https:\/\/floripaquilt.com.br\/2024\/wp-content\/uploads\/2023\/09\/FLORIPA_QUILT_FINAL_ALTA-167-1024x683.jpg\" alt=\"\" class=\"wp-image-8811\" style=\"aspect-ratio:3\/2;object-fit:cover;width:undefinedpx;height:200px\" srcset=\"https:\/\/floripaquilt.com.br\/2024\/wp-content\/uploads\/2023\/09\/FLORIPA_QUILT_FINAL_ALTA-167-1024x683.jpg 1024w, https:\/\/floripaquilt.com.br\/2024\/wp-content\/uploads\/2023\/09\/FLORIPA_QUILT_FINAL_ALTA-167-300x200.jpg 300w, https:\/\/floripaquilt.com.br\/2024\/wp-content\/uploads\/2023\/09\/FLORIPA_QUILT_FINAL_ALTA-167-768x512.jpg 768w, https:\/\/floripaquilt.com.br\/2024\/wp-content\/uploads\/2023\/09\/FLORIPA_QUILT_FINAL_ALTA-167-1536x1024.jpg 1536w, https:\/\/floripaquilt.com.br\/2024\/wp-content\/uploads\/2023\/09\/FLORIPA_QUILT_FINAL_ALTA-167-2048x1365.jpg 2048w, https:\/\/floripaquilt.com.br\/2024\/wp-content\/uploads\/2023\/09\/FLORIPA_QUILT_FINAL_ALTA-167-600x400.jpg 600w\" sizes=\"auto, (max-width: 1024px) 100vw, 1024px\" \/><figcaption class=\"wp-element-caption\"><strong>Aulas Demonstrativas<\/strong><\/figcaption><\/figure>\n\n\n\n<figure class=\"wp-block-image size-large is-resized\"><img loading=\"lazy\" decoding=\"async\" width=\"1024\" height=\"768\" data-id=\"8815\" src=\"https:\/\/floripaquilt.com.br\/2024\/wp-content\/uploads\/2023\/09\/DSCN1531-1024x768.jpg\" alt=\"\" class=\"wp-image-8815\" style=\"aspect-ratio:3\/2;object-fit:cover;width:undefinedpx;height:200px\" srcset=\"https:\/\/floripaquilt.com.br\/2024\/wp-content\/uploads\/2023\/09\/DSCN1531-1024x768.jpg 1024w, https:\/\/floripaquilt.com.br\/2024\/wp-content\/uploads\/2023\/09\/DSCN1531-300x225.jpg 300w, https:\/\/floripaquilt.com.br\/2024\/wp-content\/uploads\/2023\/09\/DSCN1531-768x576.jpg 768w, https:\/\/floripaquilt.com.br\/2024\/wp-content\/uploads\/2023\/09\/DSCN1531-1536x1152.jpg 1536w, https:\/\/floripaquilt.com.br\/2024\/wp-content\/uploads\/2023\/09\/DSCN1531-2048x1536.jpg 2048w, https:\/\/floripaquilt.com.br\/2024\/wp-content\/uploads\/2023\/09\/DSCN1531-600x450.jpg 600w\" sizes=\"auto, (max-width: 1024px) 100vw, 1024px\" \/><figcaption class=\"wp-element-caption\"><strong>Palestras<\/strong><\/figcaption><\/figure>\n\n\n\n<figure class=\"wp-block-image size-large is-resized\"><img loading=\"lazy\" decoding=\"async\" width=\"1024\" height=\"683\" data-id=\"8816\" src=\"https:\/\/floripaquilt.com.br\/2024\/wp-content\/uploads\/2023\/09\/FLORIPA_QUILT_FINAL_ALTA-369-1024x683.jpg\" alt=\"\" class=\"wp-image-8816\" style=\"aspect-ratio:16\/9;object-fit:cover;width:undefinedpx;height:200px\" srcset=\"https:\/\/floripaquilt.com.br\/2024\/wp-content\/uploads\/2023\/09\/FLORIPA_QUILT_FINAL_ALTA-369-1024x683.jpg 1024w, https:\/\/floripaquilt.com.br\/2024\/wp-content\/uploads\/2023\/09\/FLORIPA_QUILT_FINAL_ALTA-369-300x200.jpg 300w, https:\/\/floripaquilt.com.br\/2024\/wp-content\/uploads\/2023\/09\/FLORIPA_QUILT_FINAL_ALTA-369-768x512.jpg 768w, https:\/\/floripaquilt.com.br\/2024\/wp-content\/uploads\/2023\/09\/FLORIPA_QUILT_FINAL_ALTA-369-1536x1024.jpg 1536w, https:\/\/floripaquilt.com.br\/2024\/wp-content\/uploads\/2023\/09\/FLORIPA_QUILT_FINAL_ALTA-369-2048x1365.jpg 2048w, https:\/\/floripaquilt.com.br\/2024\/wp-content\/uploads\/2023\/09\/FLORIPA_QUILT_FINAL_ALTA-369-600x400.jpg 600w\" sizes=\"auto, (max-width: 1024px) 100vw, 1024px\" \/><figcaption class=\"wp-element-caption\"><strong>Rodas de Conversas<\/strong><\/figcaption><\/figure>\n<\/figure>\n\n\n\n<p class=\"has-black-color has-text-color\">Cursos e oficinas, aulas demonstrativas gratuitas, palestras, rodas de conversas, ser\u00e3o a\u00e7\u00f5es formativas desenvolvidas pelo Floripa Quilt, no per\u00edodo de 30\/04\/2024 a 04\/05\/2024. A iniciativa visa proporcionar op\u00e7\u00f5es de atividades no campo da arte t\u00eaxtil e temas correlacionados, visando aprendizado e aprimoramento t\u00e9cnico e cultural.<\/p>\n\n\n\n<p class=\"has-black-color has-text-color\">Ser\u00e3o 05 dias de imers\u00e3o no universo t\u00eaxtil, com professores, palestrantes e mediadores da melhor qualidade, al\u00e9m da sinergia dos participantes, tudo isso num lugar m\u00e1gico, a beira do mar de Cacup\u00e9, na Ilha da Magia.<\/p>\n\n\n\n<p class=\"has-black-color has-text-color\">O festival Floripa Quilt \u00e9 pensado em cada detalhe por quem vive da arte t\u00eaxtil e foi criado para inspirar e celebrar o encontro de pessoas apaixonadas por essa arte.<\/p>\n\n\n\n<p class=\"has-black-color has-text-color\">Fa\u00e7a parte deste encontro! Esperamos voc\u00ea no Floripa Quilt &#8211; Festival de Patchwork &#8211; Arte T\u00eaxtil.<\/p>\n\n\n\n<p class=\"has-black-color has-text-color\"><\/p>\n","protected":false},"excerpt":{"rendered":"<p>Cursos e oficinas, aulas demonstrativas gratuitas, palestras, rodas de conversas, ser\u00e3o a\u00e7\u00f5es formativas desenvolvidas pelo Floripa Quilt, no per\u00edodo de 30\/04\/2024 a 04\/05\/2024. A iniciativa visa proporcionar op\u00e7\u00f5es de atividades no campo da arte t\u00eaxtil e temas correlacionados, visando aprendizado e aprimoramento t\u00e9cnico e cultural. Ser\u00e3o 05 dias de imers\u00e3o no universo t\u00eaxtil, com professores, palestrantes e mediadores da melhor qualidade, al\u00e9m da sinergia dos participantes, tudo isso num lugar m\u00e1gico, a beira do mar de Cacup\u00e9, na Ilha da Magia. O festival Floripa Quilt \u00e9 pensado em cada detalhe por quem vive da arte t\u00eaxtil e foi criado para inspirar e celebrar o encontro de pessoas apaixonadas por essa arte. Fa\u00e7a parte deste encontro! Esperamos voc\u00ea no Floripa Quilt &#8211; Festival de Patchwork &#8211; Arte T\u00eaxtil.<\/p>\n","protected":false},"author":29,"featured_media":0,"parent":0,"menu_order":0,"comment_status":"closed","ping_status":"closed","template":"","meta":{"_monsterinsights_skip_tracking":false,"_monsterinsights_sitenote_active":false,"_monsterinsights_sitenote_note":"","_monsterinsights_sitenote_category":0,"footnotes":""},"class_list":["post-8757","page","type-page","status-publish","hentry"],"acf":[],"yoast_head":"<!-- This site is optimized with the Yoast SEO plugin v27.5 - https:\/\/yoast.com\/product\/yoast-seo-wordpress\/ -->\n<title>FORMA\u00c7\u00c3O - Floripa Quilt<\/title>\n<meta name=\"robots\" content=\"index, follow, max-snippet:-1, max-image-preview:large, max-video-preview:-1\" \/>\n<link rel=\"canonical\" href=\"https:\/\/floripaquilt.com.br\/2024\/formacao\/\" \/>\n<meta property=\"og:locale\" content=\"pt_BR\" \/>\n<meta property=\"og:type\" content=\"article\" \/>\n<meta property=\"og:title\" content=\"FORMA\u00c7\u00c3O - Floripa Quilt\" \/>\n<meta property=\"og:description\" content=\"Cursos e oficinas, aulas demonstrativas gratuitas, palestras, rodas de conversas, ser\u00e3o a\u00e7\u00f5es formativas desenvolvidas pelo Floripa Quilt, no per\u00edodo de 30\/04\/2024 a 04\/05\/2024. A iniciativa visa proporcionar op\u00e7\u00f5es de atividades no campo da arte t\u00eaxtil e temas correlacionados, visando aprendizado e aprimoramento t\u00e9cnico e cultural. Ser\u00e3o 05 dias de imers\u00e3o no universo t\u00eaxtil, com professores, palestrantes e mediadores da melhor qualidade, al\u00e9m da sinergia dos participantes, tudo isso num lugar m\u00e1gico, a beira do mar de Cacup\u00e9, na Ilha da Magia. O festival Floripa Quilt \u00e9 pensado em cada detalhe por quem vive da arte t\u00eaxtil e foi criado para inspirar e celebrar o encontro de pessoas apaixonadas por essa arte. Fa\u00e7a parte deste encontro! Esperamos voc\u00ea no Floripa Quilt &#8211; Festival de Patchwork &#8211; Arte T\u00eaxtil.\" \/>\n<meta property=\"og:url\" content=\"https:\/\/floripaquilt.com.br\/2024\/formacao\/\" \/>\n<meta property=\"og:site_name\" content=\"Floripa Quilt\" \/>\n<meta property=\"article:modified_time\" content=\"2024-08-22T10:08:34+00:00\" \/>\n<meta property=\"og:image\" content=\"https:\/\/floripaquilt.com.br\/2024\/wp-content\/uploads\/2023\/09\/FLORIPA_QUILT_FINAL_ALTA-151-1024x683.jpg\" \/>\n<meta name=\"twitter:card\" content=\"summary_large_image\" \/>\n<meta name=\"twitter:label1\" content=\"Est. tempo de leitura\" \/>\n\t<meta name=\"twitter:data1\" content=\"2 minutos\" \/>\n<script type=\"application\/ld+json\" class=\"yoast-schema-graph\">{\"@context\":\"https:\\\/\\\/schema.org\",\"@graph\":[{\"@type\":\"WebPage\",\"@id\":\"https:\\\/\\\/floripaquilt.com.br\\\/2024\\\/formacao\\\/\",\"url\":\"https:\\\/\\\/floripaquilt.com.br\\\/2024\\\/formacao\\\/\",\"name\":\"FORMA\u00c7\u00c3O - Floripa Quilt\",\"isPartOf\":{\"@id\":\"https:\\\/\\\/floripaquilt.com.br\\\/2024\\\/#website\"},\"primaryImageOfPage\":{\"@id\":\"https:\\\/\\\/floripaquilt.com.br\\\/2024\\\/formacao\\\/#primaryimage\"},\"image\":{\"@id\":\"https:\\\/\\\/floripaquilt.com.br\\\/2024\\\/formacao\\\/#primaryimage\"},\"thumbnailUrl\":\"https:\\\/\\\/floripaquilt.com.br\\\/2024\\\/wp-content\\\/uploads\\\/2023\\\/09\\\/FLORIPA_QUILT_FINAL_ALTA-151-1024x683.jpg\",\"datePublished\":\"2023-10-01T21:54:54+00:00\",\"dateModified\":\"2024-08-22T10:08:34+00:00\",\"breadcrumb\":{\"@id\":\"https:\\\/\\\/floripaquilt.com.br\\\/2024\\\/formacao\\\/#breadcrumb\"},\"inLanguage\":\"pt-BR\",\"potentialAction\":[{\"@type\":\"ReadAction\",\"target\":[\"https:\\\/\\\/floripaquilt.com.br\\\/2024\\\/formacao\\\/\"]}]},{\"@type\":\"ImageObject\",\"inLanguage\":\"pt-BR\",\"@id\":\"https:\\\/\\\/floripaquilt.com.br\\\/2024\\\/formacao\\\/#primaryimage\",\"url\":\"https:\\\/\\\/floripaquilt.com.br\\\/2024\\\/wp-content\\\/uploads\\\/2023\\\/09\\\/FLORIPA_QUILT_FINAL_ALTA-151-scaled.jpg\",\"contentUrl\":\"https:\\\/\\\/floripaquilt.com.br\\\/2024\\\/wp-content\\\/uploads\\\/2023\\\/09\\\/FLORIPA_QUILT_FINAL_ALTA-151-scaled.jpg\",\"width\":2560,\"height\":1707,\"caption\":\"Cursos e Oficinas\"},{\"@type\":\"BreadcrumbList\",\"@id\":\"https:\\\/\\\/floripaquilt.com.br\\\/2024\\\/formacao\\\/#breadcrumb\",\"itemListElement\":[{\"@type\":\"ListItem\",\"position\":1,\"name\":\"In\u00edcio\",\"item\":\"https:\\\/\\\/floripaquilt.com.br\\\/2024\\\/\"},{\"@type\":\"ListItem\",\"position\":2,\"name\":\"FORMA\u00c7\u00c3O\"}]},{\"@type\":\"WebSite\",\"@id\":\"https:\\\/\\\/floripaquilt.com.br\\\/2024\\\/#website\",\"url\":\"https:\\\/\\\/floripaquilt.com.br\\\/2024\\\/\",\"name\":\"Floripa Quilt\",\"description\":\"Floripa Quilt 2024 - 11\u00ba Festival de Patchwork e Arte T\u00eaxtil\",\"publisher\":{\"@id\":\"https:\\\/\\\/floripaquilt.com.br\\\/2024\\\/#organization\"},\"potentialAction\":[{\"@type\":\"SearchAction\",\"target\":{\"@type\":\"EntryPoint\",\"urlTemplate\":\"https:\\\/\\\/floripaquilt.com.br\\\/2024\\\/?s={search_term_string}\"},\"query-input\":{\"@type\":\"PropertyValueSpecification\",\"valueRequired\":true,\"valueName\":\"search_term_string\"}}],\"inLanguage\":\"pt-BR\"},{\"@type\":\"Organization\",\"@id\":\"https:\\\/\\\/floripaquilt.com.br\\\/2024\\\/#organization\",\"name\":\"Floripa Quilt\",\"url\":\"https:\\\/\\\/floripaquilt.com.br\\\/2024\\\/\",\"logo\":{\"@type\":\"ImageObject\",\"inLanguage\":\"pt-BR\",\"@id\":\"https:\\\/\\\/floripaquilt.com.br\\\/2024\\\/#\\\/schema\\\/logo\\\/image\\\/\",\"url\":\"https:\\\/\\\/floripaquilt.com.br\\\/2024\\\/wp-content\\\/uploads\\\/2023\\\/09\\\/cropped-IMG-logo-topo-site.png\",\"contentUrl\":\"https:\\\/\\\/floripaquilt.com.br\\\/2024\\\/wp-content\\\/uploads\\\/2023\\\/09\\\/cropped-IMG-logo-topo-site.png\",\"width\":945,\"height\":237,\"caption\":\"Floripa Quilt\"},\"image\":{\"@id\":\"https:\\\/\\\/floripaquilt.com.br\\\/2024\\\/#\\\/schema\\\/logo\\\/image\\\/\"}}]}<\/script>\n<!-- \/ Yoast SEO plugin. -->","yoast_head_json":{"title":"FORMA\u00c7\u00c3O - Floripa Quilt","robots":{"index":"index","follow":"follow","max-snippet":"max-snippet:-1","max-image-preview":"max-image-preview:large","max-video-preview":"max-video-preview:-1"},"canonical":"https:\/\/floripaquilt.com.br\/2024\/formacao\/","og_locale":"pt_BR","og_type":"article","og_title":"FORMA\u00c7\u00c3O - Floripa Quilt","og_description":"Cursos e oficinas, aulas demonstrativas gratuitas, palestras, rodas de conversas, ser\u00e3o a\u00e7\u00f5es formativas desenvolvidas pelo Floripa Quilt, no per\u00edodo de 30\/04\/2024 a 04\/05\/2024. A iniciativa visa proporcionar op\u00e7\u00f5es de atividades no campo da arte t\u00eaxtil e temas correlacionados, visando aprendizado e aprimoramento t\u00e9cnico e cultural. Ser\u00e3o 05 dias de imers\u00e3o no universo t\u00eaxtil, com professores, palestrantes e mediadores da melhor qualidade, al\u00e9m da sinergia dos participantes, tudo isso num lugar m\u00e1gico, a beira do mar de Cacup\u00e9, na Ilha da Magia. O festival Floripa Quilt \u00e9 pensado em cada detalhe por quem vive da arte t\u00eaxtil e foi criado para inspirar e celebrar o encontro de pessoas apaixonadas por essa arte. Fa\u00e7a parte deste encontro! Esperamos voc\u00ea no Floripa Quilt &#8211; Festival de Patchwork &#8211; Arte T\u00eaxtil.","og_url":"https:\/\/floripaquilt.com.br\/2024\/formacao\/","og_site_name":"Floripa Quilt","article_modified_time":"2024-08-22T10:08:34+00:00","og_image":[{"url":"https:\/\/floripaquilt.com.br\/2024\/wp-content\/uploads\/2023\/09\/FLORIPA_QUILT_FINAL_ALTA-151-1024x683.jpg","type":"","width":"","height":""}],"twitter_card":"summary_large_image","twitter_misc":{"Est. tempo de leitura":"2 minutos"},"schema":{"@context":"https:\/\/schema.org","@graph":[{"@type":"WebPage","@id":"https:\/\/floripaquilt.com.br\/2024\/formacao\/","url":"https:\/\/floripaquilt.com.br\/2024\/formacao\/","name":"FORMA\u00c7\u00c3O - Floripa Quilt","isPartOf":{"@id":"https:\/\/floripaquilt.com.br\/2024\/#website"},"primaryImageOfPage":{"@id":"https:\/\/floripaquilt.com.br\/2024\/formacao\/#primaryimage"},"image":{"@id":"https:\/\/floripaquilt.com.br\/2024\/formacao\/#primaryimage"},"thumbnailUrl":"https:\/\/floripaquilt.com.br\/2024\/wp-content\/uploads\/2023\/09\/FLORIPA_QUILT_FINAL_ALTA-151-1024x683.jpg","datePublished":"2023-10-01T21:54:54+00:00","dateModified":"2024-08-22T10:08:34+00:00","breadcrumb":{"@id":"https:\/\/floripaquilt.com.br\/2024\/formacao\/#breadcrumb"},"inLanguage":"pt-BR","potentialAction":[{"@type":"ReadAction","target":["https:\/\/floripaquilt.com.br\/2024\/formacao\/"]}]},{"@type":"ImageObject","inLanguage":"pt-BR","@id":"https:\/\/floripaquilt.com.br\/2024\/formacao\/#primaryimage","url":"https:\/\/floripaquilt.com.br\/2024\/wp-content\/uploads\/2023\/09\/FLORIPA_QUILT_FINAL_ALTA-151-scaled.jpg","contentUrl":"https:\/\/floripaquilt.com.br\/2024\/wp-content\/uploads\/2023\/09\/FLORIPA_QUILT_FINAL_ALTA-151-scaled.jpg","width":2560,"height":1707,"caption":"Cursos e Oficinas"},{"@type":"BreadcrumbList","@id":"https:\/\/floripaquilt.com.br\/2024\/formacao\/#breadcrumb","itemListElement":[{"@type":"ListItem","position":1,"name":"In\u00edcio","item":"https:\/\/floripaquilt.com.br\/2024\/"},{"@type":"ListItem","position":2,"name":"FORMA\u00c7\u00c3O"}]},{"@type":"WebSite","@id":"https:\/\/floripaquilt.com.br\/2024\/#website","url":"https:\/\/floripaquilt.com.br\/2024\/","name":"Floripa Quilt","description":"Floripa Quilt 2024 - 11\u00ba Festival de Patchwork e Arte T\u00eaxtil","publisher":{"@id":"https:\/\/floripaquilt.com.br\/2024\/#organization"},"potentialAction":[{"@type":"SearchAction","target":{"@type":"EntryPoint","urlTemplate":"https:\/\/floripaquilt.com.br\/2024\/?s={search_term_string}"},"query-input":{"@type":"PropertyValueSpecification","valueRequired":true,"valueName":"search_term_string"}}],"inLanguage":"pt-BR"},{"@type":"Organization","@id":"https:\/\/floripaquilt.com.br\/2024\/#organization","name":"Floripa Quilt","url":"https:\/\/floripaquilt.com.br\/2024\/","logo":{"@type":"ImageObject","inLanguage":"pt-BR","@id":"https:\/\/floripaquilt.com.br\/2024\/#\/schema\/logo\/image\/","url":"https:\/\/floripaquilt.com.br\/2024\/wp-content\/uploads\/2023\/09\/cropped-IMG-logo-topo-site.png","contentUrl":"https:\/\/floripaquilt.com.br\/2024\/wp-content\/uploads\/2023\/09\/cropped-IMG-logo-topo-site.png","width":945,"height":237,"caption":"Floripa Quilt"},"image":{"@id":"https:\/\/floripaquilt.com.br\/2024\/#\/schema\/logo\/image\/"}}]}},"jetpack_sharing_enabled":true,"_links":{"self":[{"href":"https:\/\/floripaquilt.com.br\/2024\/wp-json\/wp\/v2\/pages\/8757","targetHints":{"allow":["GET"]}}],"collection":[{"href":"https:\/\/floripaquilt.com.br\/2024\/wp-json\/wp\/v2\/pages"}],"about":[{"href":"https:\/\/floripaquilt.com.br\/2024\/wp-json\/wp\/v2\/types\/page"}],"author":[{"embeddable":true,"href":"https:\/\/floripaquilt.com.br\/2024\/wp-json\/wp\/v2\/users\/29"}],"replies":[{"embeddable":true,"href":"https:\/\/floripaquilt.com.br\/2024\/wp-json\/wp\/v2\/comments?post=8757"}],"version-history":[{"count":20,"href":"https:\/\/floripaquilt.com.br\/2024\/wp-json\/wp\/v2\/pages\/8757\/revisions"}],"predecessor-version":[{"id":10172,"href":"https:\/\/floripaquilt.com.br\/2024\/wp-json\/wp\/v2\/pages\/8757\/revisions\/10172"}],"wp:attachment":[{"href":"https:\/\/floripaquilt.com.br\/2024\/wp-json\/wp\/v2\/media?parent=8757"}],"curies":[{"name":"wp","href":"https:\/\/api.w.org\/{rel}","templated":true}]}}